{"id":304,"date":"2024-10-29T16:34:14","date_gmt":"2024-10-29T15:34:14","guid":{"rendered":"https:\/\/www.pvs-es.com\/?page_id=304"},"modified":"2025-07-09T09:37:57","modified_gmt":"2025-07-09T07:37:57","slug":"logistics","status":"publish","type":"page","link":"https:\/\/pvs-es.com\/index.php\/logistics\/","title":{"rendered":"Logistics"},"content":{"rendered":"\n<div class=\"wp-block-pvse-title-detail-parallax wrapper-parallax\"><layer class=\"bg\"><img decoding=\"async\" src=\"http:\/\/www.pvs-es.com\/wp-content\/uploads\/2024\/10\/Header-5.jpg\" alt=\"background for parallax effect\"\/><\/layer><layer class=\"ly-3\"><img decoding=\"async\" src=\"http:\/\/www.pvs-es.com\/wp-content\/uploads\/2025\/01\/leerebene.png\" alt=\"third layer of graphical parallax effect\"\/><\/layer><layer class=\"ly-2\"><img decoding=\"async\" src=\"http:\/\/www.pvs-es.com\/wp-content\/uploads\/2025\/01\/leerebene.png\" alt=\"second layer of graphical parallax effect\"\/><\/layer><layer class=\"ly-1\"><img decoding=\"async\" src=\"http:\/\/www.pvs-es.com\/wp-content\/uploads\/2025\/01\/leerebene.png\" alt=\"first layer of graphical parallax effect\"\/><\/layer><div class=\"glasswrap\"><div class=\"schrag\"><\/div><div class=\"schrag\"><\/div><div class=\"schrag\"><\/div><div class=\"hero-detail\"><div class=\"hero-detail-text\"><h2 class=\"has-medium-font-size\">Onboarding rapido e decenni di esperienza: PVS \u00e8 qui per rispondere a ogni vostra domanda e aiutarvi ad avere successo &#8211; in modo sostenibile!<\/h2><\/div><div class=\"hero-detail-heading\"><div class=\"pointer\"><\/div><div class=\"pointer\"><\/div><div class=\"pointer\"><\/div><h1 style=\"color:#5600d8\" class=\"wp-block-heading\">Portiamo i vostri prodotti e il vostro stile nel mondo!<\/h1><\/div><\/div><\/div><div class=\"line\"><\/div><div class=\"line\"><\/div><div class=\"line\"><\/div><div class=\"line\"><\/div><div class=\"line\"><\/div><div class=\"line\"><\/div><div class=\"line\"><\/div><div class=\"line\"><\/div><div class=\"line\"><\/div><div class=\"line\"><\/div><div class=\"line\"><\/div><div class=\"line\"><\/div><\/div>\n\n\n\n<div style=\"height:80px\" aria-hidden=\"true\" class=\"wp-block-spacer\"><\/div>\n\n\n\n<p class=\"has-medium-font-size\">Beneficiate di una vasta gamma <strong>di servizi da Haute Couture che va ben oltre il consueto portafoglio di attivit\u00e0.<\/strong> Offriamo un <strong>approccio flessibile<\/strong>, permettendovi di scegliere tra <strong>pacchetti completi o servizi singoli<\/strong>, in base alle vostre specifiche esigenze.<\/p>\n\n\n\n<section class=\"wp-block-pvse-benefits pvse-benefits\"><div class=\"wrap\"><h2 class=\"heading\" style=\"color:#5600d8\">I nostri servizi di logistica<\/h2><ul><li><span>Ricevimento delle merci<\/span><div class=\"text\">Controllo qualit\u00e0, stoccaggio degli articoli e dei capi di abbigliamento stesi o appesi, controllo delle giacenze: ci assicuriamo che i vostri articoli siano in buone mani e sempre pronti per essere consegnati (e indossati).<\/div><\/li><li><span>Stoccaggio<\/span><div class=\"text\">Ottimizzazione dello stock: ogni cosa al suo posto.<\/div><\/li><li><span>Prelievo e imballaggio della merce<\/span><div class=\"text\">Prelievo guidato e ottimizzato dal WMS per garantire efficienza e standard di qualit\u00e0, imballaggio ottimizzato, personalizzato e green: potrete contare su un\u2019esperienza luxury pluriennale nei servizi e nella logistica a valore aggiunto, in grado di preservare tutto ci\u00f2 che rende preziosa la vostra merce.<\/div><\/li><li><span>Spedizioni globali sicure e servizi logistici sostenibili<\/span><div class=\"text\">Imballaggio sicuro, che garantisce di ricevere la merce senza danni, scelta di vettori adeguati, possibilit\u00e0 di spedizione su pallet, invii in tutto il mondo, gestione e risoluzione dei problemi relativi a pacchi danneggiati e smarriti: ci assicuriamo che tutto funzioni al meglio.<\/div><\/li><li><span>Gestione dei resi del cliente<\/span><div class=\"text\">I clienti potranno restituire agevolmente la merce all\u2019interno del proprio Paese con corrieri locali; la merce restituita verr\u00e0 rapidamente controllata, ricondizionata nel magazzino e quindi rimessa in vendita nel pi\u00f9 breve tempo possibile: collezioni di qualit\u00e0 superiore necessitano di una gestione di qualit\u00e0 superiore.<\/div><\/li><\/ul><\/div><\/section>\n\n\n\n<h2 class=\"wp-block-heading has-text-color has-link-color wp-elements-e91134da248e9c9f6e6d7798a339a907\" style=\"color:#5600d8\">Storie di successo<\/h2>\n\n\n\n<section class=\"wp-block-pvse-case-storys pvse-case-storys\"><div class=\"grid\"><div class=\"strich_wrap\"><div class=\"line\"><\/div><div class=\"line\"><\/div><div class=\"line\"><\/div><div class=\"line\"><\/div><div class=\"line\"><\/div><div class=\"line\"><\/div><div class=\"line\"><\/div><div class=\"line\"><\/div><div class=\"line\"><\/div><div class=\"line-b\"><\/div><div class=\"line-b\"><\/div><div class=\"line-b\"><\/div><div class=\"line-b\"><\/div><div class=\"line-b\"><\/div><div class=\"line-b\"><\/div><div class=\"line-b\"><\/div><div class=\"line-b\"><\/div><div class=\"line-b\"><\/div><\/div><div class=\"case\"><figure><img decoding=\"async\" src=\"https:\/\/pvs-es.com\/wp-content\/uploads\/2024\/11\/Bugatti.jpg\" alt=\"Una donna si appoggia a un uomo con abiti Bugatti.\"\/><\/figure><div class=\"gradient-layer\"><\/div><figure><img decoding=\"async\" src=\"https:\/\/pvs-es.com\/wp-content\/uploads\/2024\/11\/Logo_Zeichenflaeche-1-Kopie-3.png\" class=\"logo\" alt=\"Logo della Bugatti\"\/><\/figure><\/div><div class=\"case\"><figure><img decoding=\"async\" src=\"https:\/\/pvs-es.com\/wp-content\/uploads\/2025\/01\/parma-calcio-2.jpg\" alt=\"Atleta che posa con la maglia\"\/><\/figure><div class=\"gradient-layer\"><\/div><figure><img decoding=\"async\" src=\"https:\/\/pvs-es.com\/wp-content\/uploads\/2025\/01\/Parma-Calcio-logo-RGB-White.png\" class=\"logo\" alt=\"Logo del Parma Calcio\"\/><\/figure><\/div><div class=\"case\"><figure><img decoding=\"async\" src=\"https:\/\/pvs-es.com\/wp-content\/uploads\/2024\/12\/Mandarina-Druck.jpg\" alt=\"Valigie impilate posizionate contro una parete\"\/><\/figure><div class=\"gradient-layer\"><\/div><figure><img decoding=\"async\" src=\"https:\/\/pvs-es.com\/wp-content\/uploads\/2024\/12\/logo-SCRIPT_white-01.png\" class=\"logo\" alt=\"Logo del Mandarina Duck\"\/><\/figure><\/div><div class=\"case\"><figure><img decoding=\"async\" src=\"https:\/\/pvs-es.com\/wp-content\/uploads\/2024\/12\/Selecta.jpg\" alt=\"Donna che tiene una tazza, sorride con gli occhi chiusi\"\/><\/figure><div class=\"gradient-layer\"><\/div><figure><img decoding=\"async\" src=\"https:\/\/pvs-es.com\/wp-content\/uploads\/2024\/12\/Selecta_RGB-Total-White.png\" class=\"logo\" alt=\"Logo del Selecta\"\/><\/figure><\/div><div class=\"case\"><figure><img decoding=\"async\" src=\"https:\/\/pvs-es.com\/wp-content\/uploads\/2024\/11\/Lamy.jpg\" alt=\"Stand espositivo dell'azienda Lamy\"\/><\/figure><div class=\"gradient-layer\"><\/div><figure><img decoding=\"async\" src=\"https:\/\/pvs-es.com\/wp-content\/uploads\/2024\/11\/Logo_Zeichenflaeche-1-Kopie-7.png\" class=\"logo\" alt=\"Logo del Lamy\"\/><\/figure><\/div><div class=\"case\"><figure><img decoding=\"async\" src=\"https:\/\/pvs-es.com\/wp-content\/uploads\/2024\/11\/Zwiesel-Glas.jpg\" alt=\"Un bicchiere di vino pieno su una tavola apparecchiata\"\/><\/figure><div class=\"gradient-layer\"><\/div><figure><img decoding=\"async\" src=\"https:\/\/pvs-es.com\/wp-content\/uploads\/2024\/11\/Logo_Zeichenflaeche-1.png\" class=\"logo\" alt=\"Logo del Zwiesel-Glas\"\/><\/figure><\/div><\/div><\/section>\n\n\n\n<section class=\"wp-block-pvse-process-block process\"><div class=\"wrap\"><h2 class=\"heading\">Come iniziare?<\/h2><div class=\"flexalign\"><div class=\"step\"><div class=\"icon\"><img decoding=\"async\" src=\"http:\/\/www.pvs-es.com\/wp-content\/uploads\/2024\/10\/Analyze.png\" alt=\"decorative illustration of the step\"\/><\/div><div class=\"text\"><strong>Vogliamo esternalizzare la gestione del nostro magazzino. Quali sono i passi successivi?<\/strong><br>\u00c8 facile come sembra: voi portate i vostri articoli nel nostro magazzino e noi facciamo il resto (inbound iniziale con conteggio e controllo qualit\u00e0, stoccaggio, inventario ciclico o annuale, riassortimento).<\/div><\/div><div class=\"step\"><div class=\"icon\"><img decoding=\"async\" src=\"http:\/\/www.pvs-es.com\/wp-content\/uploads\/2024\/10\/Reporting.png\" alt=\"decorative illustration of the step\"\/><\/div><div class=\"text\"><strong>Come funziona il processo in seguito?<\/strong><br>Una volta che la vostra merce verr\u00e0 posizionata nei nostri magazzini, potremo iniziare immediatamente &#8211; dal prelievo al confezionamento, dalla spedizione alla gestione dei resi &#8211; un ciclo perfetto di gestione logistica internazionale!<\/div><\/div><div class=\"step\"><div class=\"icon\"><img decoding=\"async\" src=\"http:\/\/www.pvs-es.com\/wp-content\/uploads\/2024\/10\/Prozessoptimierung.png\" alt=\"decorative illustration of the step\"\/><\/div><div class=\"text\"><strong>Sembra fantastico! Dove posso inviare la mia richiesta?<\/strong><br>Ottimo! Mettetevi in contatto con noi &#8211; ci occuperemo di tutte le vostre domande e necessit\u00e0.<\/div><\/div><\/div><\/div><\/section>\n\n\n\n<div style=\"height:100px\" aria-hidden=\"true\" class=\"wp-block-spacer\"><\/div>\n\n\n\n<h2 class=\"wp-block-heading has-text-color has-link-color wp-elements-eea7a817acd8aa226edb4937954966cf\" style=\"color:#5600d8\">Restiamo in contatto<\/h2>\n\n\n\n<div class=\"wp-block-columns is-layout-flex wp-container-core-columns-is-layout-9d6595d7 wp-block-columns-is-layout-flex\">\n<div class=\"wp-block-column is-layout-flow wp-block-column-is-layout-flow\" style=\"flex-basis:66.66%\">\n<script type=\"text\/javascript\" src=\"\/\/m.pvs-rs.com\/form\/generate.js?id=25\"><\/script>\n<\/div>\n\n\n\n<div class=\"wp-block-column is-layout-flow wp-block-column-is-layout-flow\" style=\"flex-basis:33.33%\">\n<figure class=\"wp-block-image size-full\"><img loading=\"lazy\" decoding=\"async\" width=\"800\" height=\"1000\" src=\"http:\/\/www.pvs-es.com\/wp-content\/uploads\/2025\/01\/Luigi-D\u00b4Olivio-2.jpg\" alt=\"Un giovane si appoggia sul braccio sinistro, con la spalla rivolta verso la fotocamera, e sorride all'obiettivo.\" class=\"wp-image-2098\" srcset=\"https:\/\/pvs-es.com\/wp-content\/uploads\/2025\/01\/Luigi-D\u00b4Olivio-2.jpg 800w, https:\/\/pvs-es.com\/wp-content\/uploads\/2025\/01\/Luigi-D\u00b4Olivio-2-240x300.jpg 240w, https:\/\/pvs-es.com\/wp-content\/uploads\/2025\/01\/Luigi-D\u00b4Olivio-2-768x960.jpg 768w\" sizes=\"auto, (max-width: 800px) 100vw, 800px\" \/><\/figure>\n<\/div>\n<\/div>\n\n\n\n<section class=\"wp-block-pvse-more-block pvse-more-block\"><div class=\"wrap\"><h2 class=\"heading\" style=\"color:#5600d8\">Potrebbero interessarti anche&#8230;<\/h2><div class=\"more-blocks\"><a class=\"block\" href=\"\/index.php\/crossborder\/\"><div class=\"desc\">Cross-Border<\/div><\/a><a class=\"block\" href=\"\/index.php\/customer-care\/\"><div class=\"desc\">Customer Care<\/div><\/a><a class=\"block\" href=\"\/index.php\/marketplaces\/\"><div class=\"desc\">Marketplaces<\/div><\/a><\/div><\/div><\/section>\n","protected":false},"excerpt":{"rendered":"<p>Beneficiate di una vasta gamma di servizi da Haute Couture che va ben oltre il consueto portafoglio di attivit\u00e0. Offriamo un approccio flessibile, permettendovi di scegliere tra pacchetti completi o servizi singoli, in base alle vostre specifiche esigenze. Storie di successo Restiamo in contatto<\/p>\n","protected":false},"author":6,"featured_media":0,"parent":0,"menu_order":0,"comment_status":"closed","ping_status":"closed","template":"","meta":{"footnotes":""},"class_list":["post-304","page","type-page","status-publish","hentry"],"jetpack_sharing_enabled":true,"_links":{"self":[{"href":"https:\/\/pvs-es.com\/index.php\/wp-json\/wp\/v2\/pages\/304","targetHints":{"allow":["GET"]}}],"collection":[{"href":"https:\/\/pvs-es.com\/index.php\/wp-json\/wp\/v2\/pages"}],"about":[{"href":"https:\/\/pvs-es.com\/index.php\/wp-json\/wp\/v2\/types\/page"}],"author":[{"embeddable":true,"href":"https:\/\/pvs-es.com\/index.php\/wp-json\/wp\/v2\/users\/6"}],"replies":[{"embeddable":true,"href":"https:\/\/pvs-es.com\/index.php\/wp-json\/wp\/v2\/comments?post=304"}],"version-history":[{"count":53,"href":"https:\/\/pvs-es.com\/index.php\/wp-json\/wp\/v2\/pages\/304\/revisions"}],"predecessor-version":[{"id":3366,"href":"https:\/\/pvs-es.com\/index.php\/wp-json\/wp\/v2\/pages\/304\/revisions\/3366"}],"wp:attachment":[{"href":"https:\/\/pvs-es.com\/index.php\/wp-json\/wp\/v2\/media?parent=304"}],"curies":[{"name":"wp","href":"https:\/\/api.w.org\/{rel}","templated":true}]}}