{"id":2937,"date":"2025-04-22T16:21:49","date_gmt":"2025-04-22T14:21:49","guid":{"rendered":"https:\/\/pvs-es.com\/index.php\/marketing\/"},"modified":"2025-07-08T16:11:34","modified_gmt":"2025-07-08T14:11:34","slug":"marketing","status":"publish","type":"page","link":"https:\/\/pvs-es.com\/index.php\/marketing\/?lang=fr","title":{"rendered":"Marketing"},"content":{"rendered":"\n<div class=\"wp-block-pvse-title-detail-parallax wrapper-parallax\"><layer class=\"bg\"><img decoding=\"async\" src=\"https:\/\/pvs-es.com\/wp-content\/uploads\/2024\/10\/Header-12.1.jpg\" alt=\"background for parallax effect\"\/><\/layer><layer class=\"ly-3\"><img decoding=\"async\" src=\"https:\/\/pvs-es.com\/wp-content\/uploads\/2025\/01\/leerebene.png\" alt=\"third layer of graphical parallax effect\"\/><\/layer><layer class=\"ly-2\"><img decoding=\"async\" src=\"https:\/\/pvs-es.com\/wp-content\/uploads\/2025\/01\/leerebene.png\" alt=\"second layer of graphical parallax effect\"\/><\/layer><layer class=\"ly-1\"><img decoding=\"async\" src=\"https:\/\/pvs-es.com\/wp-content\/uploads\/2025\/01\/leerebene.png\" alt=\"first layer of graphical parallax effect\"\/><\/layer><div class=\"glasswrap\"><div class=\"schrag\"><\/div><div class=\"schrag\"><\/div><div class=\"schrag\"><\/div><div class=\"hero-detail\"><div class=\"hero-detail-text\"><h2 class=\"has-medium-font-size\">Gr\u00e2ce \u00e0 une strat\u00e9gie marketing sur mesure, nous transformons votre pr\u00e9sence num\u00e9rique en succ\u00e8s<\/h2><\/div><div class=\"hero-detail-heading\"><div class=\"pointer\"><\/div><div class=\"pointer\"><\/div><div class=\"pointer\"><\/div><h1 style=\"color:#5600d8\" class=\"wp-block-heading\">Maximisez votre performance num\u00e9rique<\/h1><\/div><\/div><\/div><div class=\"line\"><\/div><div class=\"line\"><\/div><div class=\"line\"><\/div><div class=\"line\"><\/div><div class=\"line\"><\/div><div class=\"line\"><\/div><div class=\"line\"><\/div><div class=\"line\"><\/div><div class=\"line\"><\/div><div class=\"line\"><\/div><div class=\"line\"><\/div><div class=\"line\"><\/div><\/div>\n\n\n\n<h2 class=\"wp-block-heading\">La visibilit\u00e9 num\u00e9rique est essentielle \u00e0 votre croissance<\/h2>\n\n\n\n<p class=\"has-medium-font-size\">Nous d\u00e9veloppons des strat\u00e9gies marketing sur mesure qui font passer votre pr\u00e9sence en ligne au niveau sup\u00e9rieur. Gr\u00e2ce \u00e0 une approche globale, nous combinons le marketing de performance, l&#8217;optimisation du r\u00e9f\u00e9rencement et l&#8217;analyse bas\u00e9e sur les donn\u00e9es pour atteindre efficacement vos groupes cibles et augmenter durablement votre chiffre d&#8217;affaires. Ensemble, nous fa\u00e7onnons votre avenir num\u00e9rique et veillons \u00e0 ce que votre marque re\u00e7oive l&#8217;attention qu&#8217;elle m\u00e9rite dans le monde num\u00e9rique.<\/p>\n\n\n\n<section class=\"wp-block-pvse-benefits pvse-benefits\"><div class=\"wrap\"><h2 class=\"heading\" style=\"color:#000000\"><\/h2><ul><li><span>Strat\u00e9gie marketing sur mesure pour votre succ\u00e8s<\/span><div class=\"text\">Nous d\u00e9veloppons une strat\u00e9gie num\u00e9rique globale qui correspond exactement aux objectifs de votre marque. En mettant clairement l\u2019accent sur la sensibilisation, l\u2019engagement, la conversion et l\u2019affiliation, nous veillons \u00e0 ce que vous atteigniez vos groupes cibles de mani\u00e8re cibl\u00e9e et que vous obteniez des r\u00e9sultats \u00e0 long terme.<\/div><\/li><li><span>Maximiser la visibilit\u00e9 gr\u00e2ce \u00e0 l\u2019optimisation SEO<\/span><div class=\"text\">Gr\u00e2ce \u00e0 une optimisation pr\u00e9cise du contenu, \u00e0 un lien cibl\u00e9 et \u00e0 un SEO technique en arri\u00e8re-plan, nous am\u00e9liorons votre positionnement dans les r\u00e9sultats de recherche. Nous augmentons ainsi la notori\u00e9t\u00e9 de votre marque et veillons \u00e0 ce que les utilisateurs qui s\u2019int\u00e9ressent r\u00e9ellement \u00e0 votre marque vous trouvent au bon moment.<\/div><\/li><li><span>Web Analytics pour une croissance ax\u00e9e sur les donn\u00e9es<\/span><div class=\"text\">Gr\u00e2ce \u00e0 des analyses d\u00e9taill\u00e9es du comportement des utilisateurs et \u00e0 l\u2019optimisation en temps r\u00e9el de vos ressources num\u00e9riques, nous cr\u00e9ons des connaissances approfondies sur le comportement de vos groupes cibles. Gr\u00e2ce \u00e0 un suivi pr\u00e9cis et \u00e0 des rapports sur mesure, nous veillons \u00e0 ce que votre strat\u00e9gie soit optimis\u00e9e en permanence afin d\u2019obtenir les meilleurs r\u00e9sultats.<\/div><\/li><li><span>Performance marketing \u2013 transformer le budget en chiffre d\u2019affaires<\/span><div class=\"text\">Nous transformons votre budget publicitaire en chiffre d\u2019affaires mesurable. Gr\u00e2ce \u00e0 des campagnes cibl\u00e9es via Google Ads, Facebook Ads et d\u2019autres canaux, nous maximisons votre ROAS et augmentons vos chiffres de vente. Ce faisant, nous surveillons en permanence les performances et vous fournissons des rapports en temps r\u00e9el afin de pouvoir r\u00e9agir rapidement aux changements.<\/div><\/li><\/ul><\/div><\/section>\n","protected":false},"excerpt":{"rendered":"<p>La visibilit\u00e9 num\u00e9rique est essentielle \u00e0 votre croissance Nous d\u00e9veloppons des strat\u00e9gies marketing sur mesure qui font passer votre pr\u00e9sence en ligne au niveau sup\u00e9rieur. Gr\u00e2ce \u00e0 une approche globale, nous combinons le marketing de performance, l&#8217;optimisation du r\u00e9f\u00e9rencement et l&#8217;analyse bas\u00e9e sur les donn\u00e9es pour atteindre efficacement vos groupes cibles et augmenter durablement votre [&hellip;]<\/p>\n","protected":false},"author":6,"featured_media":0,"parent":0,"menu_order":0,"comment_status":"closed","ping_status":"closed","template":"","meta":{"footnotes":""},"class_list":["post-2937","page","type-page","status-publish","hentry"],"jetpack_sharing_enabled":true,"_links":{"self":[{"href":"https:\/\/pvs-es.com\/index.php\/wp-json\/wp\/v2\/pages\/2937","targetHints":{"allow":["GET"]}}],"collection":[{"href":"https:\/\/pvs-es.com\/index.php\/wp-json\/wp\/v2\/pages"}],"about":[{"href":"https:\/\/pvs-es.com\/index.php\/wp-json\/wp\/v2\/types\/page"}],"author":[{"embeddable":true,"href":"https:\/\/pvs-es.com\/index.php\/wp-json\/wp\/v2\/users\/6"}],"replies":[{"embeddable":true,"href":"https:\/\/pvs-es.com\/index.php\/wp-json\/wp\/v2\/comments?post=2937"}],"version-history":[{"count":2,"href":"https:\/\/pvs-es.com\/index.php\/wp-json\/wp\/v2\/pages\/2937\/revisions"}],"predecessor-version":[{"id":3277,"href":"https:\/\/pvs-es.com\/index.php\/wp-json\/wp\/v2\/pages\/2937\/revisions\/3277"}],"wp:attachment":[{"href":"https:\/\/pvs-es.com\/index.php\/wp-json\/wp\/v2\/media?parent=2937"}],"curies":[{"name":"wp","href":"https:\/\/api.w.org\/{rel}","templated":true}]}}