{"id":2934,"date":"2025-04-22T16:08:54","date_gmt":"2025-04-22T14:08:54","guid":{"rendered":"https:\/\/pvs-es.com\/index.php\/platforms\/"},"modified":"2025-07-08T14:11:54","modified_gmt":"2025-07-08T12:11:54","slug":"platforms","status":"publish","type":"page","link":"https:\/\/pvs-es.com\/index.php\/platforms\/?lang=fr","title":{"rendered":"Platforms"},"content":{"rendered":"\n<div class=\"wp-block-pvse-title-detail-parallax wrapper-parallax\"><layer class=\"bg\"><img decoding=\"async\" src=\"https:\/\/pvs-es.com\/wp-content\/uploads\/2024\/10\/Header-8.1.jpg\" alt=\"background for parallax effect\"\/><\/layer><layer class=\"ly-3\"><img decoding=\"async\" src=\"https:\/\/pvs-es.com\/wp-content\/uploads\/2025\/01\/leerebene.png\" alt=\"third layer of graphical parallax effect\"\/><\/layer><layer class=\"ly-2\"><img decoding=\"async\" src=\"https:\/\/pvs-es.com\/wp-content\/uploads\/2025\/01\/leerebene.png\" alt=\"second layer of graphical parallax effect\"\/><\/layer><layer class=\"ly-1\"><img decoding=\"async\" src=\"https:\/\/pvs-es.com\/wp-content\/uploads\/2025\/01\/leerebene.png\" alt=\"first layer of graphical parallax effect\"\/><\/layer><div class=\"glasswrap\"><div class=\"schrag\"><\/div><div class=\"schrag\"><\/div><div class=\"schrag\"><\/div><div class=\"hero-detail\"><div class=\"hero-detail-text\"><h2 class=\"has-medium-font-size\">Gr\u00e2ce \u00e0 des solutions individuelles, nous faisons passer votre pr\u00e9sence num\u00e9rique au niveau sup\u00e9rieur de mani\u00e8re efficace, \u00e9volutive et toujours \u00e0 jour !<\/h2><\/div><div class=\"hero-detail-heading\"><div class=\"pointer\"><\/div><div class=\"pointer\"><\/div><div class=\"pointer\"><\/div><h1 style=\"color:#5600d8\" class=\"wp-block-heading\">Votre plateforme num\u00e9rique, parfaitement int\u00e9gr\u00e9e !<\/h1><\/div><\/div><\/div><div class=\"line\"><\/div><div class=\"line\"><\/div><div class=\"line\"><\/div><div class=\"line\"><\/div><div class=\"line\"><\/div><div class=\"line\"><\/div><div class=\"line\"><\/div><div class=\"line\"><\/div><div class=\"line\"><\/div><div class=\"line\"><\/div><div class=\"line\"><\/div><div class=\"line\"><\/div><\/div>\n\n\n\n<h2 class=\"wp-block-heading has-text-color has-link-color wp-elements-eeb05b1575b3bc807f0377c78b249eae\" style=\"color:#5600d8\">Un partenaire solide pour votre strat\u00e9gie<\/h2>\n\n\n\n<p class=\"has-medium-font-size\">Le commerce \u00e9lectronique est plus qu&#8217;une simple boutique &#8211; c&#8217;est l&#8217;\u00e9pine dorsale num\u00e9rique des marques modernes. PVS eServices d\u00e9veloppe des solutions individuelles qui s&#8217;int\u00e8grent parfaitement dans votre environnement syst\u00e8me. En effet, nous fournissons une technologie qui fonctionne &#8211; int\u00e9gr\u00e9e, \u00e9volutive et ax\u00e9e sur vos objectifs. Ensemble, nous pr\u00e9parons votre marque pour tous les canaux, toutes les exigences et toutes les plateformes comme vous en avez besoin \u00e0 un moment donn\u00e9.<\/p>\n\n\n\n<section class=\"wp-block-pvse-benefits pvse-benefits\"><div class=\"wrap\"><h2 class=\"heading\" style=\"color:#5600d8\">Comment nous assurons l&#8217;avenir de votre e-commerce ?<\/h2><ul><li><span>Des solutions de plateforme adapt\u00e9es \u00e0 vos besoins<\/span><div class=\"text\">Nous d\u00e9veloppons des plateformes eCommerce individuelles qui sont exactement adapt\u00e9es \u00e0 votre marque. Gr\u00e2ce \u00e0 une approche globale et centr\u00e9e sur l\u2019utilisateur, nous combinons un design intuitif et des fonctionnalit\u00e9s puissantes pour un parcours client parfait sur tous les canaux. Nous veillons \u00e9galement \u00e0 ce que tout fonctionne parfaitement dans le backend.<\/div><\/li><li><span>Une expertise croissante<\/span><div class=\"text\">Que ce soit dans le cloud ou sur site, nous choisissons avec vous l\u2019interface la mieux adapt\u00e9e \u00e0 votre projet. Depuis des ann\u00e9es, nous misons sur les plateformes les plus performantes du march\u00e9, notamment Shopify et Shopware, et avons ainsi acquis un statut d\u2019expert. Vous souhaitez d\u2019autres fournisseurs de plateformes ? Pas de probl\u00e8me pour nous.<\/div><\/li><li><span>Int\u00e9gration et \u00e9volutivit\u00e9<\/span><div class=\"text\">Nous g\u00e9rons les int\u00e9grations complexes de mani\u00e8re souveraine \u2013 des syst\u00e8mes ERP aux interfaces API en passant par le CRM. Nos solutions garantissent des syst\u00e8mes de commerce \u00e9lectronique \u00e9volutifs, flexibles et adaptables qui s\u2019int\u00e8grent parfaitement dans votre environnement informatique existant.<\/div><\/li><li><span>Un d\u00e9marrage rapide pour votre eCommerce<\/span><div class=\"text\">Pour le d\u00e9marrage, nous int\u00e9grons pour vous une base solide qui apporte toutes les fonctions standard. Vous pouvez ainsi d\u00e9marrer plus rapidement, personnaliser de mani\u00e8re plus cibl\u00e9e et adapter efficacement votre solution \u00e0 vos exigences par la suite. Car les besoins \u00e9voluent. Nous sommes arm\u00e9s pour concr\u00e9tiser votre id\u00e9e, m\u00eame \u00e0 long terme.<\/div><\/li><\/ul><\/div><\/section>\n","protected":false},"excerpt":{"rendered":"<p>Un partenaire solide pour votre strat\u00e9gie Le commerce \u00e9lectronique est plus qu&#8217;une simple boutique &#8211; c&#8217;est l&#8217;\u00e9pine dorsale num\u00e9rique des marques modernes. PVS eServices d\u00e9veloppe des solutions individuelles qui s&#8217;int\u00e8grent parfaitement dans votre environnement syst\u00e8me. En effet, nous fournissons une technologie qui fonctionne &#8211; int\u00e9gr\u00e9e, \u00e9volutive et ax\u00e9e sur vos objectifs. Ensemble, nous pr\u00e9parons votre [&hellip;]<\/p>\n","protected":false},"author":6,"featured_media":0,"parent":0,"menu_order":0,"comment_status":"closed","ping_status":"closed","template":"","meta":{"footnotes":""},"class_list":["post-2934","page","type-page","status-publish","hentry"],"jetpack_sharing_enabled":true,"_links":{"self":[{"href":"https:\/\/pvs-es.com\/index.php\/wp-json\/wp\/v2\/pages\/2934","targetHints":{"allow":["GET"]}}],"collection":[{"href":"https:\/\/pvs-es.com\/index.php\/wp-json\/wp\/v2\/pages"}],"about":[{"href":"https:\/\/pvs-es.com\/index.php\/wp-json\/wp\/v2\/types\/page"}],"author":[{"embeddable":true,"href":"https:\/\/pvs-es.com\/index.php\/wp-json\/wp\/v2\/users\/6"}],"replies":[{"embeddable":true,"href":"https:\/\/pvs-es.com\/index.php\/wp-json\/wp\/v2\/comments?post=2934"}],"version-history":[{"count":3,"href":"https:\/\/pvs-es.com\/index.php\/wp-json\/wp\/v2\/pages\/2934\/revisions"}],"predecessor-version":[{"id":3256,"href":"https:\/\/pvs-es.com\/index.php\/wp-json\/wp\/v2\/pages\/2934\/revisions\/3256"}],"wp:attachment":[{"href":"https:\/\/pvs-es.com\/index.php\/wp-json\/wp\/v2\/media?parent=2934"}],"curies":[{"name":"wp","href":"https:\/\/api.w.org\/{rel}","templated":true}]}}