{"id":2358,"date":"2024-10-30T12:13:11","date_gmt":"2024-10-30T11:13:11","guid":{"rendered":"https:\/\/pvs-es.com\/index.php\/company\/"},"modified":"2026-02-25T17:01:34","modified_gmt":"2026-02-25T16:01:34","slug":"company","status":"publish","type":"page","link":"https:\/\/pvs-es.com\/index.php\/company\/?lang=de","title":{"rendered":"Company"},"content":{"rendered":"\n<div class=\"wp-block-pvse-title-detail-parallax wrapper-parallax\"><layer class=\"bg\"><img decoding=\"async\" src=\"http:\/\/www.pvs-es.com\/wp-content\/uploads\/2025\/01\/BG-Company.webp\" alt=\"background for parallax effect\"\/><\/layer><layer class=\"ly-3\"><img decoding=\"async\" src=\"http:\/\/www.pvs-es.com\/wp-content\/uploads\/2025\/01\/Company-2.1.webp\" alt=\"third layer of graphical parallax effect\"\/><\/layer><layer class=\"ly-2\"><img decoding=\"async\" src=\"http:\/\/www.pvs-es.com\/wp-content\/uploads\/2025\/01\/leerebene.png\" alt=\"second layer of graphical parallax effect\"\/><\/layer><layer class=\"ly-1\"><img decoding=\"async\" src=\"http:\/\/www.pvs-es.com\/wp-content\/uploads\/2025\/01\/leerebene.png\" alt=\"first layer of graphical parallax effect\"\/><\/layer><div class=\"glasswrap\"><div class=\"schrag\"><\/div><div class=\"schrag\"><\/div><div class=\"schrag\"><\/div><div class=\"hero-detail\"><div class=\"hero-detail-text\"><h2 class=\"has-medium-font-size\">Wir st\u00e4rken Ihr weltweites Wachstum durch vertrauensvolle Partnerschaften, un\u00fcbertroffene Effizienz und jahrzehntelange Erfahrung.<\/h2><\/div><div class=\"hero-detail-heading\"><div class=\"pointer\"><\/div><div class=\"pointer\"><\/div><div class=\"pointer\"><\/div><h1 style=\"color:#5600d8\" class=\"wp-block-heading\">PVS: Kompetenz begegnet Innovation<\/h1><\/div><\/div><\/div><div class=\"line\"><\/div><div class=\"line\"><\/div><div class=\"line\"><\/div><div class=\"line\"><\/div><div class=\"line\"><\/div><div class=\"line\"><\/div><div class=\"line\"><\/div><div class=\"line\"><\/div><div class=\"line\"><\/div><div class=\"line\"><\/div><div class=\"line\"><\/div><div class=\"line\"><\/div><\/div>\n\n\n\n<div style=\"height:80px\" aria-hidden=\"true\" class=\"wp-block-spacer\"><\/div>\n\n\n\n<h2 class=\"wp-block-heading has-text-color has-link-color wp-elements-25854beb0a7c1b56aa7272da9f605b1e\" style=\"color:#5600d8\">Unser Auftrag: Ihr Unternehmen voranbringen<\/h2>\n\n\n\n<p class=\"has-medium-font-size\">Wir glauben, dass <strong>starke Beziehungen<\/strong> der Grundstein f\u00fcr nachhaltigen Erfolg sind &#8211; sei es mit Kunden, Partnern, Lieferanten oder Investoren. Deshalb ist es unsere Aufgabe, Beziehungen zu f\u00f6rdern, die einen bedeutenden Mehrwert f\u00fcr Ihr Unternehmen darstellen.<\/p>\n\n\n\n<p class=\"has-medium-font-size\">Wir zeigen <strong>Wachstumschancen auf, optimieren Prozesse<\/strong> und <strong>verbessern Ber\u00fchrungspunkte,<\/strong> um die Effizienz zu steigern und Betriebskosten zu senken. Ganz gleich, wo Sie sich befinden, wir bieten Ihnen ein <strong>nahtloses und unvergessliches Erlebnis<\/strong> mit <strong>durchg\u00e4ngigem Marketplace-Support<\/strong> und <strong>internationaler Vertriebsberatung.<\/strong> Wir sind bestrebt, Ihre Erwartungen zu \u00fcbertreffen, und bieten <strong>erstklassige eCommerce-Services<\/strong> von <strong>Anfang bis Ende<\/strong> &#8211; global und greifbar. Gemeinsam mit Ihnen erarbeiten wir <strong>integrierte L\u00f6sungen<\/strong> f\u00fcr <strong>Versand, Logistik, Kundenbetreuung und Marktplatzmanagement,<\/strong> die Ihrem Unternehmen ein <strong>nachhaltiges Wachstum<\/strong> in der eCommerce-Landschaft erm\u00f6glichen. Durch die Nutzung internationaler Partnerschaften und Multi-Channel-Strategien erm\u00f6glichen wir eine nahtlose 360\u00b0-Markenexpansion \u00fcber europ\u00e4ische Marktpl\u00e4tze.<\/p>\n\n\n\n<p class=\"has-medium-font-size\"><\/p>\n\n\n\n<div style=\"height:80px\" aria-hidden=\"true\" class=\"wp-block-spacer\"><\/div>\n\n\n\n<h2 class=\"wp-block-heading has-text-color has-link-color wp-elements-83437bd334e36b057e4fb6b5b7578776\" style=\"color:#5600d8\">PVS in Zahlen: Daten und Fakten<\/h2>\n\n\n\n<section class=\"wp-block-pvse-counter counter\"><div class=\"countable\"><div class=\"number\">100<\/div><div class=\"description\">Zufriedene Marken<\/div><\/div><div class=\"countable\"><div class=\"number\">500<\/div><div class=\"description\">Millionen Warenumsatz<\/div><\/div><div class=\"countable\"><div class=\"number\">300<\/div><div class=\"description\">Tausend Quadratmeter Logistikfl\u00e4che in Europa<\/div><\/div><div class=\"countable\"><div class=\"number\">10<\/div><div class=\"description\">Millionen Lieferungen pro Jahr<\/div><\/div><\/section>\n\n\n\n<section class=\"wp-block-pvse-benefits pvse-benefits\"><div class=\"wrap\"><h2 class=\"heading\" style=\"color:#5600d8\">Unsere Partner<\/h2><ul><li><span>PVS Europe<\/span><img decoding=\"async\" src=\"https:\/\/pvs-es.com\/wp-content\/uploads\/2025\/01\/PVS-europe.png\" alt=\"logo\"\/><div class=\"text\"><a href=\"http:\/\/pvs-europe.com\/\" target=\"_blank\" rel=\"noreferrer noopener\">PVS Europe<\/a>\u00a0mit Hauptsitz in Deutschland ist ein f\u00fchrendes, inhabergef\u00fchrtes Unternehmen von eCommerce Fulfillment Services. Mit mehreren Niederlassungen in ganz Europa hat PVS seine Position als Partner der Wahl f\u00fcr die Prozessoptimierung im Retail und eCommerce durch sein F4E (Fulfillment for Europe) Netzwerk gefestigt.<\/div><\/li><li><span>F4E<\/span><img decoding=\"async\" src=\"https:\/\/pvs-es.com\/wp-content\/uploads\/2025\/01\/6631e1d2fcbcf9a640e5536f_footer-logo.png\" alt=\"logo\"\/><div class=\"text\">Als Gr\u00fcndungspartner bietet PVS ein umfassendes Angebot an europaweiten Dienstleistungen, die ein umfangreiches Netzwerk und ma\u00dfgeschneiderte Logistik- und Beratungsl\u00f6sungen f\u00fcr fortschrittliche Fulfillment-Anforderungen nutzen.<a href=\"http:\/\/f4e-fulfillment.com\/\" target=\"_blank\" rel=\"noreferrer noopener\">\u00a0F4E, \u201eFulfillment for Europe\u201c<\/a>, steht f\u00fcr ein stabiles lokales Fulfillment-Netzwerk, das in ein einheitliches Warehouse Management System (WMS) integriert ist. Dies gew\u00e4hrleistet eine termingerechte Auftragsabwicklung und Lieferung in ganz Europa, eine nahtlose Expansion auf europ\u00e4ischen M\u00e4rkten, optimierte Vertriebskosten und einen ausgezeichneten Kundenservice \u2013 immer p\u00fcnktlich, budgetgerecht und termingerecht!<\/div><\/li><li><span>PVS Relationship Services<\/span><img decoding=\"async\" src=\"https:\/\/pvs-es.com\/wp-content\/uploads\/2025\/01\/PVS-RS.png\" alt=\"logo\"\/><div class=\"text\">\u201eNur wer Empathie und Professionalit\u00e4t im Customer Care verbindet, kann etwas bewegen\u201c: Das ist das Leitmotiv von\u00a0<a href=\"http:\/\/pvs-rs.com\/\" target=\"_blank\" rel=\"noreferrer noopener\">PVS RS<\/a>. Als Spezialist f\u00fcr Customer Care sind wir Ihr idealer Partner, wenn es darum geht, au\u00dfergew\u00f6hnliche Customer Experience-L\u00f6sungen zu bieten, die eine dauerhafte Kundenbindung f\u00f6rdern. F\u00fcr uns geht Customer Care \u00fcber die Wertsch\u00f6pfung hinaus; es ist unsere Mission, Kunden gl\u00fccklich zu machen und Marken zu erm\u00f6glichen, zu wachsen und dauerhaft erfolgreich zu sein.<\/div><\/li><\/ul><\/div><\/section>\n\n\n\n<section class=\"wp-block-pvse-process-block process\"><div class=\"wrap\"><h2 class=\"heading\">Ein Ansatz, der sich st\u00e4ndig weiterentwickelt, um Ihre Marke von A bis Z zu optimieren und hervorzuheben<\/h2><div class=\"flexalign\"><div class=\"step\"><div class=\"icon\"><img decoding=\"async\" src=\"http:\/\/www.pvs-es.com\/wp-content\/uploads\/2024\/10\/Analyze.png\" alt=\"decorative illustration of the step\"\/><\/div><div class=\"text\"><strong>Analyse<\/strong><br>Wir beginnen mit der Analyse Ihrer spezifischen Anforderungen und bieten Ihnen die Flexibilit\u00e4t, zwischen individuellen Dienstleistungen oder einem Komplettpaket zu w\u00e4hlen. Durch eine offene Zusammenarbeit erarbeiten wir gemeinsam spezifische L\u00f6sungen f\u00fcr Ihr Unternehmen und eliminieren unn\u00f6tige Elemente. Egal, ob Sie einen Full-Service-Ansatz oder einzelne Dienstleistungen ben\u00f6tigen, wir bieten Ihnen genau das, was Sie brauchen.<\/div><\/div><div class=\"step\"><div class=\"icon\"><img decoding=\"async\" src=\"http:\/\/www.pvs-es.com\/wp-content\/uploads\/2024\/10\/Reporting.png\" alt=\"decorative illustration of the step\"\/><\/div><div class=\"text\"><strong><strong><strong>Umsetzung der wichtigsten Ma\u00dfnahmen<\/strong><\/strong><\/strong><br>Wir bilden den gesamten Prozess mit umfassenden eCommerce-Services ab und begleiten Sie Schritt f\u00fcr Schritt. Von der individuellen Integration \u00fcber die Implementierung bis hin zum detaillierten Reporting unterst\u00fctzen wir Sie bei jedem Schritt. Bei unseren Experten f\u00fcr alle Aspekte des eCommerce k\u00f6nnen Sie sich sicher sein, dass Sie in kompetenten H\u00e4nden sind. Unser strategischer und fokussierter Ansatz ist darauf ausgerichtet, Ihrer Erfolgsgeschichte zu noch gr\u00f6\u00dferen Dimensionen zu verhelfen.<\/div><\/div><div class=\"step\"><div class=\"icon\"><img decoding=\"async\" src=\"http:\/\/www.pvs-es.com\/wp-content\/uploads\/2024\/10\/Prozessoptimierung.png\" alt=\"decorative illustration of the step\"\/><\/div><div class=\"text\"><strong><strong>Optimierung der Supply Chain<\/strong><\/strong><br>Ver\u00e4nderungen sind immer m\u00f6glich und wir wollen Ihnen dabei zur Seite stehen. Wir \u00fcberpr\u00fcfen regelm\u00e4\u00dfig Ihre Prozesse und identifizieren strategische eCommerce-Implementierungsm\u00f6glichkeiten, um Ihren Erfolg zu steigern und kontinuierliches Wachstum zu gew\u00e4hrleisten.<\/div><\/div><div class=\"step\"><div class=\"icon\"><img decoding=\"async\" src=\"http:\/\/www.pvs-es.com\/wp-content\/uploads\/2024\/10\/Umsetzung.png\" alt=\"decorative illustration of the step\"\/><\/div><div class=\"text\"><strong>Reporting<br><\/strong>Unsere detaillierten Reports, modernen Dashboards und tiefgreifenden Analysen bieten eine solide Grundlage f\u00fcr kontinuierliche Verbesserungen und Optimierungen auf h\u00f6chstem Niveau und bringen Ihr Unternehmen voran.<\/div><\/div><\/div><\/div><\/section>\n\n\n\n<div class=\"wp-block-pvse-personal-contact\"><h2 class=\"headline\">Ihr weltweiter Kontakt<br>W\u00e4hlen Sie Ihr Land<\/h2><div><p class=\"text\"><\/p><\/div><select class=\"country-select\" value=\"Italy\" onchange=\"document.querySelectorAll('.country-group').forEach(el =&gt; el.style.display = el.getAttribute('data-country') === this.value ? 'grid' : 'none');\"><option value=\"\">Select Country<\/option><option value=\"Italy\" selected>Italy<\/option><option value=\"Curacao\">Curacao<\/option><option value=\"Sweden\">Sweden<\/option><option value=\"USA\">USA<\/option><option value=\"Hungary\">Hungary<\/option><option value=\"Ukraine\">Ukraine<\/option><option value=\"Poland\">Poland<\/option><option value=\"Czech Republic\">Czech Republic<\/option><option value=\"Denmark\">Denmark<\/option><option value=\"Germany\">Germany<\/option><option value=\"Netherlands\">Netherlands<\/option><option value=\"Ireland\">Ireland<\/option><option value=\"Spain\">Spain<\/option><option value=\"Switzerland\/Austria\">Switzerland\/Austria<\/option><option value=\"France\/Belgium\">France\/Belgium<\/option><option value=\"France\">France<\/option><option value=\"Croatia\">Croatia<\/option><\/select><div class=\"country-group\" data-country=\"Italy\" style=\"display:grid\"><div class=\"mitarbeiter-item\"><div><img decoding=\"async\" src=\"http:\/\/www.pvs-es.com\/wp-content\/uploads\/2025\/01\/PVS-RS.png\" alt=\"Premium Customer Care\"\/><\/div><div><h4>Premium Customer Care<\/h4><i> PVS RS Parma<\/i><\/div><\/div><div class=\"mitarbeiter-item\"><div><img decoding=\"async\" src=\"http:\/\/www.pvs-es.com\/wp-content\/uploads\/2025\/01\/PVS-europe.png\" alt=\"Premium Logistics &amp; Fulfillment \"\/><\/div><div><h4>Premium Logistics &amp; Fulfillment <\/h4><i> PVS Europe Parma<\/i><\/div><\/div><div class=\"mitarbeiter-item\"><div><img decoding=\"async\" src=\"http:\/\/www.pvs-es.com\/wp-content\/uploads\/2025\/01\/pvs-es.png\" alt=\"Premium eServices Fulfillment\"\/><\/div><div><h4>Premium eServices Fulfillment<\/h4><i> PVS eServices Milano<\/i><\/div><\/div><\/div><div class=\"country-group\" data-country=\"Curacao\" style=\"display:none\"><div class=\"mitarbeiter-item\"><div><img decoding=\"async\" src=\"http:\/\/www.pvs-es.com\/wp-content\/uploads\/2025\/01\/PVS-RS.png\" alt=\"Premium Customer Care\"\/><\/div><div><h4>Premium Customer Care<\/h4><i> PVS RS Willemstad<\/i><\/div><\/div><\/div><div class=\"country-group\" data-country=\"Sweden\" style=\"display:none\"><div class=\"mitarbeiter-item\"><div><img decoding=\"async\" src=\"http:\/\/www.pvs-es.com\/wp-content\/uploads\/2025\/01\/PVS-RS.png\" alt=\"Premium Customer Care\"\/><\/div><div><h4>Premium Customer Care<\/h4><i> PVS RS \u00d6stersund<\/i><\/div><\/div><\/div><div class=\"country-group\" data-country=\"USA\" style=\"display:none\"><div class=\"mitarbeiter-item\"><div><img decoding=\"async\" src=\"http:\/\/www.pvs-es.com\/wp-content\/uploads\/2025\/01\/PVS-RS.png\" alt=\"Premium Customer Care\"\/><\/div><div><h4>Premium Customer Care<\/h4><i> PVS RS Oglesby<\/i><\/div><\/div><div class=\"mitarbeiter-item\"><div><img decoding=\"async\" src=\"http:\/\/www.pvs-es.com\/wp-content\/uploads\/2025\/01\/PVS-RS.png\" alt=\"Premium Customer Care\"\/><\/div><div><h4>Premium Customer Care<\/h4><i> PVS RS Alexandria<\/i><\/div><\/div><\/div><div class=\"country-group\" data-country=\"Hungary\" style=\"display:none\"><div class=\"mitarbeiter-item\"><div><img decoding=\"async\" src=\"http:\/\/www.pvs-es.com\/wp-content\/uploads\/2025\/01\/PVS-RS.png\" alt=\"Premium Customer Care\"\/><\/div><div><h4>Premium Customer Care<\/h4><i> PVS RS Budapest<\/i><\/div><\/div><\/div><div class=\"country-group\" data-country=\"Ukraine\" style=\"display:none\"><div class=\"mitarbeiter-item\"><div><img decoding=\"async\" src=\"http:\/\/www.pvs-es.com\/wp-content\/uploads\/2025\/01\/PVS-RS.png\" alt=\"Premium Customer Care\"\/><\/div><div><h4>Premium Customer Care<\/h4><i> PVS RS Lwiw<\/i><\/div><\/div><\/div><div class=\"country-group\" data-country=\"Poland\" style=\"display:none\"><div class=\"mitarbeiter-item\"><div><img decoding=\"async\" src=\"http:\/\/www.pvs-es.com\/wp-content\/uploads\/2025\/01\/PVS-RS.png\" alt=\"Premium Customer Care\"\/><\/div><div><h4>Premium Customer Care<\/h4><i> PVS RS Bydgoszcz<\/i><\/div><\/div><div class=\"mitarbeiter-item\"><div><img decoding=\"async\" src=\"http:\/\/www.pvs-es.com\/wp-content\/uploads\/2025\/01\/pvs-es.png\" alt=\"Premium eServices Fulfillment\"\/><\/div><div><h4>Premium eServices Fulfillment<\/h4><i> PVS eServices Warsaw<\/i><\/div><\/div><\/div><div class=\"country-group\" data-country=\"Czech Republic\" style=\"display:none\"><div class=\"mitarbeiter-item\"><div><img decoding=\"async\" src=\"http:\/\/www.pvs-es.com\/wp-content\/uploads\/2025\/01\/PVS-RS.png\" alt=\"Premium Customer Care\"\/><\/div><div><h4>Premium Customer Care<\/h4><i> PVS RS Budweis<\/i><\/div><\/div><div class=\"mitarbeiter-item\"><div><img decoding=\"async\" src=\"http:\/\/www.pvs-es.com\/wp-content\/uploads\/2025\/01\/pvs-es.png\" alt=\"Premium eServices Fulfillment\"\/><\/div><div><h4>Premium eServices Fulfillment<\/h4><i> PVS eServices Hradec Kr\u00e1lov\u00e9<\/i><\/div><\/div><\/div><div class=\"country-group\" data-country=\"Denmark\" style=\"display:none\"><div class=\"mitarbeiter-item\"><div><img decoding=\"async\" src=\"http:\/\/www.pvs-es.com\/wp-content\/uploads\/2025\/01\/PVS-RS.png\" alt=\"Premium Customer Care\"\/><\/div><div><h4>Premium Customer Care<\/h4><i> PVS RS Kopenhagen<\/i><\/div><\/div><div class=\"mitarbeiter-item\"><div><img decoding=\"async\" src=\"http:\/\/www.pvs-es.com\/wp-content\/uploads\/2025\/01\/pvs-es.png\" alt=\"Premium eServices Fulfillment\"\/><\/div><div><h4>Premium eServices Fulfillment<\/h4><i> PVS eServices Kopenhagen<\/i><\/div><\/div><\/div><div class=\"country-group\" data-country=\"Germany\" style=\"display:none\"><div class=\"mitarbeiter-item\"><div><img decoding=\"async\" src=\"http:\/\/www.pvs-es.com\/wp-content\/uploads\/2025\/01\/PVS-RS.png\" alt=\"Premium Customer Care\"\/><\/div><div><h4>Premium Customer Care<\/h4><i> PVS RS Stuttgart<\/i><\/div><\/div><div class=\"mitarbeiter-item\"><div><img decoding=\"async\" src=\"http:\/\/www.pvs-es.com\/wp-content\/uploads\/2025\/01\/PVS-RS.png\" alt=\"Premium Customer Care\"\/><\/div><div><h4>Premium Customer Care<\/h4><i> PVS RS Ludwigshafen<\/i><\/div><\/div><div class=\"mitarbeiter-item\"><div><img decoding=\"async\" src=\"http:\/\/www.pvs-es.com\/wp-content\/uploads\/2025\/01\/PVS-europe.png\" alt=\"Premium Logistics &amp; Fulfillment \"\/><\/div><div><h4>Premium Logistics &amp; Fulfillment <\/h4><i> PVS Europe Meckenheim<\/i><\/div><\/div><div class=\"mitarbeiter-item\"><div><img decoding=\"async\" src=\"http:\/\/www.pvs-es.com\/wp-content\/uploads\/2025\/01\/PVS-europe.png\" alt=\"Premium Logistics &amp; Fulfillment \"\/><\/div><div><h4>Premium Logistics &amp; Fulfillment <\/h4><i> PVS Europe Ha\u00dffurt<\/i><\/div><\/div><div class=\"mitarbeiter-item\"><div><img decoding=\"async\" src=\"http:\/\/www.pvs-es.com\/wp-content\/uploads\/2025\/01\/PVS-europe.png\" alt=\"Premium Logistics &amp; Fulfillment \"\/><\/div><div><h4>Premium Logistics &amp; Fulfillment <\/h4><i> PVS Europe Elmshorn <\/i><\/div><\/div><div class=\"mitarbeiter-item\"><div><img decoding=\"async\" src=\"http:\/\/www.pvs-es.com\/wp-content\/uploads\/2025\/01\/PVS-europe.png\" alt=\"Premium Logistics &amp; Fulfillment \"\/><\/div><div><h4>Premium Logistics &amp; Fulfillment <\/h4><i> PVS Europe Neckarsulm<\/i><\/div><\/div><div class=\"mitarbeiter-item\"><div><img decoding=\"async\" src=\"http:\/\/www.pvs-es.com\/wp-content\/uploads\/2025\/01\/PVS-europe.png\" alt=\"Premium Logistics &amp; Fulfillment \"\/><\/div><div><h4>Premium Logistics &amp; Fulfillment <\/h4><i> PVS Europe Wagh\u00e4usel<\/i><\/div><\/div><div class=\"mitarbeiter-item\"><div><img decoding=\"async\" src=\"http:\/\/www.pvs-es.com\/wp-content\/uploads\/2025\/01\/PVS-europe.png\" alt=\"Premium Logistics &amp; Fulfillment \"\/><\/div><div><h4>Premium Logistics &amp; Fulfillment <\/h4><i> PVS Europe Garching<\/i><\/div><\/div><div class=\"mitarbeiter-item\"><div><img decoding=\"async\" src=\"http:\/\/www.pvs-es.com\/wp-content\/uploads\/2025\/01\/pvs-es.png\" alt=\"Premium eServices Fulfillment\"\/><\/div><div><h4>Premium eServices Fulfillment<\/h4><i> PVS eServices Stuttgart<\/i><\/div><\/div><div class=\"mitarbeiter-item\"><div><img decoding=\"async\" src=\"http:\/\/www.pvs-es.com\/wp-content\/uploads\/2025\/01\/pvs-es.png\" alt=\"Premium eServices Fulfillment\"\/><\/div><div><h4>Premium eServices Fulfillment<\/h4><i> PVS eServices Neckarsulm<\/i><\/div><\/div><\/div><div class=\"country-group\" data-country=\"Netherlands\" style=\"display:none\"><div class=\"mitarbeiter-item\"><div><img decoding=\"async\" src=\"http:\/\/www.pvs-es.com\/wp-content\/uploads\/2025\/01\/PVS-RS.png\" alt=\"Premium Customer Care\"\/><\/div><div><h4>Premium Customer Care<\/h4><i> PVS RS Deventer<\/i><\/div><\/div><\/div><div class=\"country-group\" data-country=\"Ireland\" style=\"display:none\"><div class=\"mitarbeiter-item\"><div><img decoding=\"async\" src=\"http:\/\/www.pvs-es.com\/wp-content\/uploads\/2025\/01\/pvs-es.png\" alt=\"Premium eServices Fulfillment\"\/><\/div><div><h4>Premium eServices Fulfillment<\/h4><i> PVS eServices Ballynearla<\/i><\/div><\/div><\/div><div class=\"country-group\" data-country=\"Spain\" style=\"display:none\"><div class=\"mitarbeiter-item\"><div><img decoding=\"async\" src=\"http:\/\/www.pvs-es.com\/wp-content\/uploads\/2025\/01\/pvs-es.png\" alt=\"Premium eServices Fulfillment\"\/><\/div><div><h4>Premium eServices Fulfillment<\/h4><i> PVS eServices Madrid<\/i><\/div><\/div><\/div><div class=\"country-group\" data-country=\"Switzerland\/Austria\" style=\"display:none\"><div class=\"mitarbeiter-item\"><div><img decoding=\"async\" src=\"http:\/\/www.pvs-es.com\/wp-content\/uploads\/2025\/01\/pvs-es.png\" alt=\"Premium eServices Fulfillment\"\/><\/div><div><h4>Premium eServices Fulfillment<\/h4><i> PVS eServices Gai\u00dfau<\/i><\/div><\/div><div class=\"mitarbeiter-item\"><div><img decoding=\"async\" src=\"http:\/\/www.pvs-es.com\/wp-content\/uploads\/2025\/01\/PVS-RS.png\" alt=\"Premium Customer Care\"\/><\/div><div><h4>Premium Customer Care<\/h4><i> PVS RS St. Margarethen<\/i><\/div><\/div><\/div><div class=\"country-group\" data-country=\"France\/Belgium\" style=\"display:none\"><div class=\"mitarbeiter-item\"><div><img decoding=\"async\" src=\"http:\/\/www.pvs-es.com\/wp-content\/uploads\/2025\/01\/pvs-es.png\" alt=\"Premium eServices Fulfillment\"\/><\/div><div><h4>Premium eServices Fulfillment<\/h4><i> PVS eServices Mouscron<\/i><\/div><\/div><\/div><div class=\"country-group\" data-country=\"France\" style=\"display:none\"><div class=\"mitarbeiter-item\"><div><img decoding=\"async\" src=\"http:\/\/www.pvs-es.com\/wp-content\/uploads\/2025\/01\/pvs-es.png\" alt=\"Premium eServices Fulfillment\"\/><\/div><div><h4>Premium eServices Fulfillment<\/h4><i> PVS eServices Sailly-lez Lannoy<\/i><\/div><\/div><\/div><div class=\"country-group\" data-country=\"Croatia\" style=\"display:none\"><div class=\"mitarbeiter-item\"><div><img decoding=\"async\" src=\"http:\/\/www.pvs-es.com\/wp-content\/uploads\/2025\/01\/PVS-RS.png\" alt=\"Premium Customer Care\"\/><\/div><div><h4>Premium Customer Care<\/h4><i> PVS RS Zagreb<\/i><\/div><\/div><\/div><\/div>\n\n\n\n<div style=\"height:100px\" aria-hidden=\"true\" class=\"wp-block-spacer\"><\/div>\n\n\n\n<section class=\"wp-block-pvse-more-block pvse-more-block\"><div class=\"wrap\"><h2 class=\"heading\" style=\"color:#5600d8\">Immer bestens informiert. Newsletter abonnieren &amp; Insights sichern.<\/h2><div class=\"more-blocks\"><a class=\"block\" href=\"https:\/\/pvs-es.com\/index.php\/opt-in\/?lang=de\"><div class=\"desc\">Insider-News erhalten<\/div><\/a><\/div><\/div><\/section>\n\n\n\n<div style=\"height:121px\" aria-hidden=\"true\" class=\"wp-block-spacer\"><\/div>\n\n\n\n<h2 class=\"wp-block-heading has-text-color has-link-color wp-elements-522e4deae5e65911a31ac987ce533a19\" style=\"color:#5600d8\">Lassen Sie uns in Kontakt bleiben<\/h2>\n\n\n\n<div class=\"wp-block-columns l-a-r is-layout-flex wp-container-core-columns-is-layout-9d6595d7 wp-block-columns-is-layout-flex\">\n<div class=\"wp-block-column is-layout-flow wp-block-column-is-layout-flow\" style=\"flex-basis:66.66%\">\n<script type=\"text\/javascript\" src=\"\/\/m.pvs-rs.com\/form\/generate.js?id=26\"><\/script>\n<\/div>\n\n\n\n<div class=\"wp-block-column is-layout-flow wp-block-column-is-layout-flow\" style=\"flex-basis:33.33%\">\n<figure class=\"wp-block-image size-full\"><img loading=\"lazy\" decoding=\"async\" width=\"800\" height=\"1000\" src=\"http:\/\/www.pvs-es.com\/wp-content\/uploads\/2025\/01\/Luigi-D\u00b4Olivio-2.jpg\" alt=\"Ein junger Mann st\u00fctzt sich auf seinen linken Arm, richtet die Schulter zur Kamera und l\u00e4chelt in die Kamera.\" class=\"wp-image-2099\" srcset=\"https:\/\/pvs-es.com\/wp-content\/uploads\/2025\/01\/Luigi-D\u00b4Olivio-2.jpg 800w, https:\/\/pvs-es.com\/wp-content\/uploads\/2025\/01\/Luigi-D\u00b4Olivio-2-240x300.jpg 240w, https:\/\/pvs-es.com\/wp-content\/uploads\/2025\/01\/Luigi-D\u00b4Olivio-2-768x960.jpg 768w\" sizes=\"auto, (max-width: 800px) 100vw, 800px\" \/><\/figure>\n<\/div>\n<\/div>\n","protected":false},"excerpt":{"rendered":"<p>Unser Auftrag: Ihr Unternehmen voranbringen Wir glauben, dass starke Beziehungen der Grundstein f\u00fcr nachhaltigen Erfolg sind &#8211; sei es mit Kunden, Partnern, Lieferanten oder Investoren. Deshalb ist es unsere Aufgabe, Beziehungen zu f\u00f6rdern, die einen bedeutenden Mehrwert f\u00fcr Ihr Unternehmen darstellen. Wir zeigen Wachstumschancen auf, optimieren Prozesse und verbessern Ber\u00fchrungspunkte, um die Effizienz zu steigern [&hellip;]<\/p>\n","protected":false},"author":6,"featured_media":0,"parent":0,"menu_order":0,"comment_status":"closed","ping_status":"closed","template":"","meta":{"footnotes":""},"class_list":["post-2358","page","type-page","status-publish","hentry"],"jetpack_sharing_enabled":true,"_links":{"self":[{"href":"https:\/\/pvs-es.com\/index.php\/wp-json\/wp\/v2\/pages\/2358","targetHints":{"allow":["GET"]}}],"collection":[{"href":"https:\/\/pvs-es.com\/index.php\/wp-json\/wp\/v2\/pages"}],"about":[{"href":"https:\/\/pvs-es.com\/index.php\/wp-json\/wp\/v2\/types\/page"}],"author":[{"embeddable":true,"href":"https:\/\/pvs-es.com\/index.php\/wp-json\/wp\/v2\/users\/6"}],"replies":[{"embeddable":true,"href":"https:\/\/pvs-es.com\/index.php\/wp-json\/wp\/v2\/comments?post=2358"}],"version-history":[{"count":13,"href":"https:\/\/pvs-es.com\/index.php\/wp-json\/wp\/v2\/pages\/2358\/revisions"}],"predecessor-version":[{"id":3517,"href":"https:\/\/pvs-es.com\/index.php\/wp-json\/wp\/v2\/pages\/2358\/revisions\/3517"}],"wp:attachment":[{"href":"https:\/\/pvs-es.com\/index.php\/wp-json\/wp\/v2\/media?parent=2358"}],"curies":[{"name":"wp","href":"https:\/\/api.w.org\/{rel}","templated":true}]}}