{"id":2349,"date":"2024-10-30T13:57:13","date_gmt":"2024-10-30T12:57:13","guid":{"rendered":"https:\/\/pvs-es.com\/index.php\/merchant-of-records\/"},"modified":"2025-07-09T10:24:21","modified_gmt":"2025-07-09T08:24:21","slug":"merchant-of-records","status":"publish","type":"page","link":"https:\/\/pvs-es.com\/index.php\/merchant-of-records\/?lang=fr","title":{"rendered":"Merchant of Records"},"content":{"rendered":"\n<div class=\"wp-block-pvse-title-detail-parallax wrapper-parallax\"><layer class=\"bg\"><img decoding=\"async\" src=\"http:\/\/www.pvs-es.com\/wp-content\/uploads\/2024\/10\/Header-10.jpg\" alt=\"background for parallax effect\"\/><\/layer><layer class=\"ly-3\"><img decoding=\"async\" src=\"http:\/\/www.pvs-es.com\/wp-content\/uploads\/2025\/01\/leerebene.png\" alt=\"third layer of graphical parallax effect\"\/><\/layer><layer class=\"ly-2\"><img decoding=\"async\" src=\"http:\/\/www.pvs-es.com\/wp-content\/uploads\/2025\/01\/leerebene.png\" alt=\"second layer of graphical parallax effect\"\/><\/layer><layer class=\"ly-1\"><img decoding=\"async\" src=\"http:\/\/www.pvs-es.com\/wp-content\/uploads\/2025\/01\/leerebene.png\" alt=\"first layer of graphical parallax effect\"\/><\/layer><div class=\"glasswrap\"><div class=\"schrag\"><\/div><div class=\"schrag\"><\/div><div class=\"schrag\"><\/div><div class=\"hero-detail\"><div class=\"hero-detail-text\"><h2 class=\"has-medium-font-size\">La gestion du commerce \u00e9lectronique, en particulier les aspects financiers, exige beaucoup de temps, de ressources et d&#8217;attention m\u00e9ticuleuse. C&#8217;est l\u00e0 que l&#8217;externalisation devient un partenaire strat\u00e9gique pr\u00e9cieux pour votre entreprise.<\/h2><\/div><div class=\"hero-detail-heading\"><div class=\"pointer\"><\/div><div class=\"pointer\"><\/div><div class=\"pointer\"><\/div><h1 style=\"color:#5600d8\" class=\"wp-block-heading\">Votre partenaire de confiance pour la gestion quotidienne<\/h1><\/div><\/div><\/div><div class=\"line\"><\/div><div class=\"line\"><\/div><div class=\"line\"><\/div><div class=\"line\"><\/div><div class=\"line\"><\/div><div class=\"line\"><\/div><div class=\"line\"><\/div><div class=\"line\"><\/div><div class=\"line\"><\/div><div class=\"line\"><\/div><div class=\"line\"><\/div><div class=\"line\"><\/div><\/div>\n\n\n\n<div style=\"height:80px\" aria-hidden=\"true\" class=\"wp-block-spacer\"><\/div>\n\n\n\n<h2 class=\"wp-block-heading has-text-color has-link-color wp-elements-697ebb772cf1e9268be9ca4d319e8b2e\" style=\"color:#5600d8\">N&#8217;avez-vous jamais entendu parler de Merchant of Records (MoR) ?<\/h2>\n\n\n\n<p class=\"has-medium-font-size\">En bref, il simplifie votre gestion quotidienne. Gr\u00e2ce \u00e0 notre service, vous d\u00e9l\u00e9guez la responsabilit\u00e9 des paiements et des obligations r\u00e9glementaires, ce qui rationalise les op\u00e9rations. Le meilleur avantage ? Une s\u00e9curit\u00e9 accrue pour les vendeurs et les clients.<\/p>\n\n\n\n<section class=\"wp-block-pvse-benefits pvse-benefits\"><div class=\"wrap\"><h2 class=\"heading\" style=\"color:#5600d8\">Nos services pour les documents :<\/h2><ul><li><span>Gestion de la conformit\u00e9 :<\/span><div class=\"text\">MoR s\u2019occupe de la conformit\u00e9 r\u00e9glementaire des transactions en ligne, en veillant au respect des politiques fiscales, de lutte contre le blanchiment d\u2019argent et de s\u00e9curit\u00e9 en ligne. Cela permet de r\u00e9duire efficacement la charge administrative et les risques juridiques pour votre entreprise. Un partenaire intelligent pour une gestion s\u00fbre et transparente !<\/div><\/li><li><span>Traitement fluide des paiements :<\/span><div class=\"text\">Une gestion compl\u00e8te des paiements qui int\u00e8gre diff\u00e9rents modes de paiement et diff\u00e9rentes devises. Mais ce n\u2019est pas tout ! Il am\u00e9liore \u00e9galement l\u2019exp\u00e9rience de l\u2019utilisateur, en garantissant \u00e0 vos clients un processus de paiement fluide et sans heurts. Pas de stress, juste de la commodit\u00e9 et de la rapidit\u00e9.<\/div><\/li><li><span>Internationalisation sans fronti\u00e8res :<\/span><div class=\"text\">Plus besoin de s\u2019occuper de l\u2019infrastructure locale dans chaque pays o\u00f9 vous op\u00e9rez : MoR s\u2019occupe automatiquement des taxes, des r\u00e9glementations, des paiements internationaux et des pr\u00e9f\u00e9rences de paiement locales, garantissant ainsi la meilleure exp\u00e9rience client. Le r\u00e9sultat ? Une expansion mondiale simplifi\u00e9e pour votre commerce \u00e9lectronique, avec moins de complexit\u00e9 et plus de croissance.<\/div><\/li><\/ul><\/div><\/section>\n\n\n\n<div style=\"height:50px\" aria-hidden=\"true\" class=\"wp-block-spacer\"><\/div>\n\n\n\n<section class=\"wp-block-pvse-process-block process\"><div class=\"wrap\"><h2 class=\"heading\">Comment cela fonctionne-t-il ?<\/h2><div class=\"flexalign\"><div class=\"step\"><div class=\"icon\"><img decoding=\"async\" src=\"http:\/\/www.pvs-es.com\/wp-content\/uploads\/2024\/10\/Analyze.png\" alt=\"decorative illustration of the step\"\/><\/div><div class=\"text\"><strong>Quels sont les modes de paiement que MoR peut int\u00e9grer et quel sera l&#8217;impact sur notre processus <br>de paiement ?<\/strong><br>La MoR g\u00e8re les complexit\u00e9s des lois et r\u00e9glementations fiscales locales, y compris les politiques de lutte contre le blanchiment d&#8217;argent, pour que vous n&#8217;ayez pas \u00e0 le faire. Moins de bureaucratie, plus de tranquillit\u00e9 d&#8217;esprit ! Avec MoR, vous pouvez vous concentrer sur l&#8217;expansion de votre entreprise \u00e0 l&#8217;\u00e9chelle mondiale, sans avoir besoin de devenir un expert pour naviguer dans les syst\u00e8mes fiscaux des nouveaux march\u00e9s. C&#8217;est une solution qui simplifie vos op\u00e9rations.<\/div><\/div><div class=\"step\"><div class=\"icon\"><img decoding=\"async\" src=\"http:\/\/www.pvs-es.com\/wp-content\/uploads\/2024\/10\/Reporting.png\" alt=\"decorative illustration of the step\"\/><\/div><div class=\"text\"><strong>Comment la MoR nous aide-t-elle \u00e0 nous conformer \u00e0 la l\u00e9gislation fiscale locale et \u00e0 simplifier les r\u00e8gles de paiement lorsque nous p\u00e9n\u00e9trons sur de nouveaux march\u00e9s ?<\/strong><br>La MoR g\u00e8re les complexit\u00e9s des lois et r\u00e9glementations fiscales locales, y compris les politiques de lutte contre le blanchiment d&#8217;argent, pour que vous n&#8217;ayez pas \u00e0 le faire. Moins de bureaucratie, plus de tranquillit\u00e9 d&#8217;esprit ! Avec MoR, vous pouvez vous concentrer sur l&#8217;expansion de votre entreprise \u00e0 l&#8217;\u00e9chelle mondiale, sans avoir besoin de devenir un expert pour naviguer dans les syst\u00e8mes fiscaux des nouveaux march\u00e9s. C&#8217;est une solution qui simplifie vos op\u00e9rations.<\/div><\/div><div class=\"step\"><div class=\"icon\"><img decoding=\"async\" src=\"http:\/\/www.pvs-es.com\/wp-content\/uploads\/2024\/10\/Prozessoptimierung.png\" alt=\"decorative illustration of the step\"\/><\/div><div class=\"text\"><strong>Quelle assistance la MoR fournit-elle pour la gestion de probl\u00e8mes tels que les remboursements ou <br>les litiges ?<\/strong><br>La MoR garantit une r\u00e9solution harmonieuse de tous les probl\u00e8mes li\u00e9s aux transactions avec les clients, gr\u00e2ce \u00e0 des proc\u00e9dures \u00e9tablies pour la gestion des remboursements et des litiges. Il agit en tant que partenaire de confiance dans la gestion de ces questions, en offrant une assistance internationale compl\u00e8te \u00e0 la client\u00e8le. Vous gardez le contr\u00f4le total tout en laissant les d\u00e9tails aux experts.<\/div><\/div><\/div><\/div><\/section>\n\n\n\n<div style=\"height:120px\" aria-hidden=\"true\" class=\"wp-block-spacer\"><\/div>\n\n\n\n<h2 class=\"wp-block-heading has-text-color has-link-color wp-elements-2e2aa761552e5992d4ac242a97a4356c\" style=\"color:#5600d8\">Restons en contact<\/h2>\n\n\n\n<div class=\"wp-block-columns l-a-r is-layout-flex wp-container-core-columns-is-layout-9d6595d7 wp-block-columns-is-layout-flex\">\n<div class=\"wp-block-column is-layout-flow wp-block-column-is-layout-flow\" style=\"flex-basis:66.66%\">\n<script type=\"text\/javascript\" src=\"\/\/m.pvs-rs.com\/form\/generate.js?id=27\"><\/script>\n<\/div>\n\n\n\n<div class=\"wp-block-column is-layout-flow wp-block-column-is-layout-flow\" style=\"flex-basis:33.33%\">\n<figure class=\"wp-block-image size-full\"><img loading=\"lazy\" decoding=\"async\" width=\"800\" height=\"1000\" src=\"http:\/\/www.pvs-es.com\/wp-content\/uploads\/2025\/01\/Luigi-D\u00b4Olivio-2.jpg\" alt=\"Un jeune homme s'appuie sur son bras gauche, l'\u00e9paule tourn\u00e9e vers la cam\u00e9ra, et sourit \u00e0 l'objectif.\" class=\"wp-image-2099\" srcset=\"https:\/\/pvs-es.com\/wp-content\/uploads\/2025\/01\/Luigi-D\u00b4Olivio-2.jpg 800w, https:\/\/pvs-es.com\/wp-content\/uploads\/2025\/01\/Luigi-D\u00b4Olivio-2-240x300.jpg 240w, https:\/\/pvs-es.com\/wp-content\/uploads\/2025\/01\/Luigi-D\u00b4Olivio-2-768x960.jpg 768w\" sizes=\"auto, (max-width: 800px) 100vw, 800px\" \/><\/figure>\n<\/div>\n<\/div>\n\n\n\n<div style=\"height:100px\" aria-hidden=\"true\" class=\"wp-block-spacer\"><\/div>\n\n\n\n<section class=\"wp-block-pvse-more-block pvse-more-block\"><div class=\"wrap\"><h2 class=\"heading\" style=\"color:#5600d8\">Vous pourriez \u00e9galement \u00eatre <br>int\u00e9ress\u00e9 par &#8230;<\/h2><div class=\"more-blocks\"><a class=\"block\" href=\"\/index.php\/logistics\/\/?lang=fr\"><div class=\"desc\">Logistics<\/div><\/a><a class=\"block\" href=\"\/index.php\/crossborder\/\/?lang=fr\"><div class=\"desc\">Cross-Border<\/div><\/a><a class=\"block\" href=\"\/index.php\/marketplaces\/\/?lang=fr\"><div class=\"desc\">Marketplaces<\/div><\/a><\/div><\/div><\/section>\n\n\n\n<p><\/p>\n","protected":false},"excerpt":{"rendered":"<p>N&#8217;avez-vous jamais entendu parler de Merchant of Records (MoR) ? En bref, il simplifie votre gestion quotidienne. Gr\u00e2ce \u00e0 notre service, vous d\u00e9l\u00e9guez la responsabilit\u00e9 des paiements et des obligations r\u00e9glementaires, ce qui rationalise les op\u00e9rations. Le meilleur avantage ? Une s\u00e9curit\u00e9 accrue pour les vendeurs et les clients. Restons en contact<\/p>\n","protected":false},"author":6,"featured_media":0,"parent":0,"menu_order":0,"comment_status":"closed","ping_status":"closed","template":"","meta":{"footnotes":""},"class_list":["post-2349","page","type-page","status-publish","hentry"],"jetpack_sharing_enabled":true,"_links":{"self":[{"href":"https:\/\/pvs-es.com\/index.php\/wp-json\/wp\/v2\/pages\/2349","targetHints":{"allow":["GET"]}}],"collection":[{"href":"https:\/\/pvs-es.com\/index.php\/wp-json\/wp\/v2\/pages"}],"about":[{"href":"https:\/\/pvs-es.com\/index.php\/wp-json\/wp\/v2\/types\/page"}],"author":[{"embeddable":true,"href":"https:\/\/pvs-es.com\/index.php\/wp-json\/wp\/v2\/users\/6"}],"replies":[{"embeddable":true,"href":"https:\/\/pvs-es.com\/index.php\/wp-json\/wp\/v2\/comments?post=2349"}],"version-history":[{"count":9,"href":"https:\/\/pvs-es.com\/index.php\/wp-json\/wp\/v2\/pages\/2349\/revisions"}],"predecessor-version":[{"id":3391,"href":"https:\/\/pvs-es.com\/index.php\/wp-json\/wp\/v2\/pages\/2349\/revisions\/3391"}],"wp:attachment":[{"href":"https:\/\/pvs-es.com\/index.php\/wp-json\/wp\/v2\/media?parent=2349"}],"curies":[{"name":"wp","href":"https:\/\/api.w.org\/{rel}","templated":true}]}}