{"id":2264,"date":"2024-10-29T16:34:14","date_gmt":"2024-10-29T15:34:14","guid":{"rendered":"https:\/\/pvs-es.com\/index.php\/logistics\/"},"modified":"2025-07-09T09:38:32","modified_gmt":"2025-07-09T07:38:32","slug":"logistics","status":"publish","type":"page","link":"https:\/\/pvs-es.com\/index.php\/logistics\/?lang=de","title":{"rendered":"Logistics"},"content":{"rendered":"\n<div class=\"wp-block-pvse-title-detail-parallax wrapper-parallax\"><layer class=\"bg\"><img decoding=\"async\" src=\"http:\/\/www.pvs-es.com\/wp-content\/uploads\/2024\/10\/Header-5.jpg\" alt=\"background for parallax effect\"\/><\/layer><layer class=\"ly-3\"><img decoding=\"async\" src=\"http:\/\/www.pvs-es.com\/wp-content\/uploads\/2025\/01\/leerebene.png\" alt=\"third layer of graphical parallax effect\"\/><\/layer><layer class=\"ly-2\"><img decoding=\"async\" src=\"http:\/\/www.pvs-es.com\/wp-content\/uploads\/2025\/01\/leerebene.png\" alt=\"second layer of graphical parallax effect\"\/><\/layer><layer class=\"ly-1\"><img decoding=\"async\" src=\"http:\/\/www.pvs-es.com\/wp-content\/uploads\/2025\/01\/leerebene.png\" alt=\"first layer of graphical parallax effect\"\/><\/layer><div class=\"glasswrap\"><div class=\"schrag\"><\/div><div class=\"schrag\"><\/div><div class=\"schrag\"><\/div><div class=\"hero-detail\"><div class=\"hero-detail-text\"><h2 class=\"has-medium-font-size\">Schnelles Onboarding und jahrzehntelange Expertise: PVS steht Ihnen in allen Fragen zur Seite und unterst\u00fctzt Ihren langfristigen Erfolg!<\/h2><\/div><div class=\"hero-detail-heading\"><div class=\"pointer\"><\/div><div class=\"pointer\"><\/div><div class=\"pointer\"><\/div><h1 style=\"color:#5600d8\" class=\"wp-block-heading\">Wir bringen nicht nur Ihre Produkte sondern auch Ihren Stil in die Welt<\/h1><\/div><\/div><\/div><div class=\"line\"><\/div><div class=\"line\"><\/div><div class=\"line\"><\/div><div class=\"line\"><\/div><div class=\"line\"><\/div><div class=\"line\"><\/div><div class=\"line\"><\/div><div class=\"line\"><\/div><div class=\"line\"><\/div><div class=\"line\"><\/div><div class=\"line\"><\/div><div class=\"line\"><\/div><\/div>\n\n\n\n<div style=\"height:80px\" aria-hidden=\"true\" class=\"wp-block-spacer\"><\/div>\n\n\n\n<p class=\"has-medium-font-size\">Sie erhalten Zugang zu einem <strong>umfangreichen Angebot an Haute-Couture-Dienstleistungen,<\/strong> die weit \u00fcber die \u00fcblichen Leistungen hinausgehen. Wir bieten Ihnen einen flexiblen oder <strong>allumfassenden Ansatz:<\/strong> W\u00e4hlen Sie zwischen Komplettpaketen oder ma\u00dfgeschneiderten Einzelleistungen, je nach Ihren spezifischen Bed\u00fcrfnissen.<\/p>\n\n\n\n<section class=\"wp-block-pvse-benefits pvse-benefits\"><div class=\"wrap\"><h2 class=\"heading\" style=\"color:#5600d8\">Unsere Logistikleistungen<\/h2><ul><li><span>Wareneingang<\/span><div class=\"text\">Wir sorgen f\u00fcr die Qualit\u00e4tskontrolle, die richtige Lagerung von gefalteten oder h\u00e4ngenden Artikeln und eine gr\u00fcndliche Bestandsverwaltung \u2013 Ihre Waren sind immer in sicheren H\u00e4nden und bereit f\u00fcr die Lieferung (und das Tragen).<\/div><\/li><li><span>Lagerung<\/span><div class=\"text\">Effizientes Bestandsmanagement, organisierte oder flexible Lagerung, alles ist an seinem Platz.<\/div><\/li><li><span>Warenkommissionierung und Verpackung<\/span><div class=\"text\">WMS-gef\u00fchrte und WMS-optimierte Kommissionierung, um Effizienz und Qualit\u00e4t zu garantieren, sowie bedarfsgerechte, nachhaltige Verpackung \u2013 verlassen Sie sich auf unsere jahrzehntelange Erfahrung im Bereich Mehrwertdienste und Logistik, um alles zu sch\u00fctzen, was Ihre Produkte wertvoll macht.<\/div><\/li><li><span>Sicherer globaler Versand und nachhaltige Logistikdienstleistungen<\/span><div class=\"text\">Wir sorgen f\u00fcr eine sichere Verpackung, damit Ihre Waren unbesch\u00e4digt ankommen, w\u00e4hlen die richtigen Spediteure aus, bieten Optionen f\u00fcr den Palettenversand, verwalten den weltweiten Versand und k\u00fcmmern uns um alle Probleme mit besch\u00e4digten oder verloren gegangenen Paketen, um einen reibungslosen Ablauf zu gew\u00e4hrleisten.<\/div><\/li><\/ul><\/div><\/section>\n\n\n\n<h2 class=\"wp-block-heading has-text-color has-link-color wp-elements-7d31b61f1a93d87f63169e511120b33b\" style=\"color:#5600d8\">Business Cases<\/h2>\n\n\n\n<section class=\"wp-block-pvse-case-storys pvse-case-storys\"><div class=\"grid\"><div class=\"strich_wrap\"><div class=\"line\"><\/div><div class=\"line\"><\/div><div class=\"line\"><\/div><div class=\"line\"><\/div><div class=\"line\"><\/div><div class=\"line\"><\/div><div class=\"line\"><\/div><div class=\"line\"><\/div><div class=\"line\"><\/div><div class=\"line-b\"><\/div><div class=\"line-b\"><\/div><div class=\"line-b\"><\/div><div class=\"line-b\"><\/div><div class=\"line-b\"><\/div><div class=\"line-b\"><\/div><div class=\"line-b\"><\/div><div class=\"line-b\"><\/div><div class=\"line-b\"><\/div><\/div><div class=\"case\"><figure><img decoding=\"async\" src=\"https:\/\/pvs-es.com\/wp-content\/uploads\/2024\/11\/Bugatti.jpg\" alt=\"Eine Frau lehnt sich an einen Mann in Bugatti-Kleidung.\"\/><\/figure><div class=\"gradient-layer\"><\/div><figure><img decoding=\"async\" src=\"https:\/\/pvs-es.com\/wp-content\/uploads\/2024\/11\/Logo_Zeichenflaeche-1-Kopie-3.png\" class=\"logo\" alt=\"Logo von Bugatti\"\/><\/figure><\/div><div class=\"case\"><figure><img decoding=\"async\" src=\"https:\/\/pvs-es.com\/wp-content\/uploads\/2025\/01\/parma-calcio-2.jpg\" alt=\"Sportler posiert mit Trikot\"\/><\/figure><div class=\"gradient-layer\"><\/div><figure><img decoding=\"async\" src=\"https:\/\/pvs-es.com\/wp-content\/uploads\/2025\/01\/Parma-Calcio-logo-RGB-White.png\" class=\"logo\" alt=\"Logo von Parma Calcio\"\/><\/figure><\/div><div class=\"case\"><figure><img decoding=\"async\" src=\"https:\/\/pvs-es.com\/wp-content\/uploads\/2024\/12\/Mandarina-Druck.jpg\" alt=\"Aufeinander getapelte Reisekoffer an einer Wand platziert\"\/><\/figure><div class=\"gradient-layer\"><\/div><figure><img decoding=\"async\" src=\"https:\/\/pvs-es.com\/wp-content\/uploads\/2024\/12\/logo-SCRIPT_white-01.png\" class=\"logo\" alt=\"Logo von Mandarina Duck\"\/><\/figure><\/div><div class=\"case\"><figure><img decoding=\"async\" src=\"https:\/\/pvs-es.com\/wp-content\/uploads\/2024\/12\/Selecta.jpg\" alt=\"Frau, die Tasse h\u00e4lt, l\u00e4chelt mit geschlossenen Augen\"\/><\/figure><div class=\"gradient-layer\"><\/div><figure><img decoding=\"async\" src=\"https:\/\/pvs-es.com\/wp-content\/uploads\/2024\/12\/Selecta_RGB-Total-White.png\" class=\"logo\" alt=\"Logo von Selecta\"\/><\/figure><\/div><div class=\"case\"><figure><img decoding=\"async\" src=\"https:\/\/pvs-es.com\/wp-content\/uploads\/2024\/11\/Lamy.jpg\" alt=\"Messestand der Firma Lamy\"\/><\/figure><div class=\"gradient-layer\"><\/div><figure><img decoding=\"async\" src=\"https:\/\/pvs-es.com\/wp-content\/uploads\/2024\/11\/Logo_Zeichenflaeche-1-Kopie-7.png\" class=\"logo\" alt=\"Logo der Firma Lamy\"\/><\/figure><\/div><div class=\"case\"><figure><img decoding=\"async\" src=\"https:\/\/pvs-es.com\/wp-content\/uploads\/2024\/11\/Zwiesel-Glas.jpg\" alt=\"Ein gef\u00fclltes Weinglas auf einem gedeckten Tisch\"\/><\/figure><div class=\"gradient-layer\"><\/div><figure><img decoding=\"async\" src=\"https:\/\/pvs-es.com\/wp-content\/uploads\/2024\/11\/Logo_Zeichenflaeche-1.png\" class=\"logo\" alt=\"Logo von Zwiesel-Glas\"\/><\/figure><\/div><\/div><\/section>\n\n\n\n<section class=\"wp-block-pvse-process-block process\"><div class=\"wrap\"><h2 class=\"heading\"><strong>Wie fangen wir an?<\/strong><\/h2><div class=\"flexalign\"><div class=\"step\"><div class=\"icon\"><img decoding=\"async\" src=\"http:\/\/www.pvs-es.com\/wp-content\/uploads\/2024\/10\/Analyze.png\" alt=\"decorative illustration of the step\"\/><\/div><div class=\"text\"><strong>Wir m\u00f6chten unsere Lagerverwaltung auslagern. Was sind die n\u00e4chsten Schritte?<\/strong><br>Es ist so einfach, wie es sich anh\u00f6rt: Sie schicken Ihre Artikel an unser Lager, und wir k\u00fcmmern uns um alles Weitere, einschlie\u00dflich der ersten Eingangsverarbeitung mit Ausz\u00e4hlung und Qualit\u00e4tskontrolle, der Lagerhaltung, der zyklischen oder j\u00e4hrlichen Inventur und der Nachbestellung.<\/div><\/div><div class=\"step\"><div class=\"icon\"><img decoding=\"async\" src=\"http:\/\/www.pvs-es.com\/wp-content\/uploads\/2024\/10\/Reporting.png\" alt=\"decorative illustration of the step\"\/><\/div><div class=\"text\"><strong>Wie geht es weiter im Prozess?<\/strong><br>Sobald Ihre Waren in unseren Lagern eingelagert sind, k\u00f6nnen wir sofort loslegen &#8211; von der Kommissionierung und Verpackung bis hin zum Versand- und Retourenmanagement. So entsteht ein nahtloser Kreislauf der internationalen Logistik!<\/div><\/div><div class=\"step\"><div class=\"icon\"><img decoding=\"async\" src=\"http:\/\/www.pvs-es.com\/wp-content\/uploads\/2024\/10\/Prozessoptimierung.png\" alt=\"decorative illustration of the step\"\/><\/div><div class=\"text\"><strong>Das klingt fantastisch! Wo kann ich meine Anfrage einreichen?<\/strong><br>Ausgezeichnet! Setzen Sie sich mit uns in Verbindung und wir k\u00fcmmern uns um alle Ihre Fragen und Anforderungen.<\/div><\/div><\/div><\/div><\/section>\n\n\n\n<div style=\"height:100px\" aria-hidden=\"true\" class=\"wp-block-spacer\"><\/div>\n\n\n\n<h2 class=\"wp-block-heading has-text-color has-link-color wp-elements-522e4deae5e65911a31ac987ce533a19\" style=\"color:#5600d8\">Lassen Sie uns in Kontakt bleiben<\/h2>\n\n\n\n<div class=\"wp-block-columns l-a-r is-layout-flex wp-container-core-columns-is-layout-9d6595d7 wp-block-columns-is-layout-flex\">\n<div class=\"wp-block-column is-layout-flow wp-block-column-is-layout-flow\" style=\"flex-basis:66.66%\">\n<script type=\"text\/javascript\" src=\"\/\/m.pvs-rs.com\/form\/generate.js?id=26\"><\/script>\n<\/div>\n\n\n\n<div class=\"wp-block-column is-layout-flow wp-block-column-is-layout-flow\" style=\"flex-basis:33.33%\">\n<figure class=\"wp-block-image size-full\"><img loading=\"lazy\" decoding=\"async\" width=\"800\" height=\"1000\" src=\"http:\/\/www.pvs-es.com\/wp-content\/uploads\/2025\/01\/Luigi-D\u00b4Olivio-2.jpg\" alt=\"Ein junger Mann st\u00fctzt sich auf seinen linken Arm, richtet die Schulter zur Kamera und l\u00e4chelt in die Kamera.\" class=\"wp-image-2099\" srcset=\"https:\/\/pvs-es.com\/wp-content\/uploads\/2025\/01\/Luigi-D\u00b4Olivio-2.jpg 800w, https:\/\/pvs-es.com\/wp-content\/uploads\/2025\/01\/Luigi-D\u00b4Olivio-2-240x300.jpg 240w, https:\/\/pvs-es.com\/wp-content\/uploads\/2025\/01\/Luigi-D\u00b4Olivio-2-768x960.jpg 768w\" sizes=\"auto, (max-width: 800px) 100vw, 800px\" \/><\/figure>\n<\/div>\n<\/div>\n\n\n\n<section class=\"wp-block-pvse-more-block pvse-more-block\"><div class=\"wrap\"><h2 class=\"heading\" style=\"color:#5600d8\">Sie k\u00f6nnten auch interessiert sein an &#8230;<\/h2><div class=\"more-blocks\"><a class=\"block\" href=\"\/index.php\/crossborder\/?lang=de\"><div class=\"desc\">Cross-Border<\/div><\/a><a class=\"block\" href=\"\/index.php\/customer-care\/?lang=de\"><div class=\"desc\">Customer Care<\/div><\/a><a class=\"block\" href=\"\/index.php\/marketplaces\/?lang=de\"><div class=\"desc\">Marketplaces<\/div><\/a><\/div><\/div><\/section>\n","protected":false},"excerpt":{"rendered":"<p>Sie erhalten Zugang zu einem umfangreichen Angebot an Haute-Couture-Dienstleistungen, die weit \u00fcber die \u00fcblichen Leistungen hinausgehen. Wir bieten Ihnen einen flexiblen oder allumfassenden Ansatz: W\u00e4hlen Sie zwischen Komplettpaketen oder ma\u00dfgeschneiderten Einzelleistungen, je nach Ihren spezifischen Bed\u00fcrfnissen. Business Cases Lassen Sie uns in Kontakt bleiben<\/p>\n","protected":false},"author":6,"featured_media":0,"parent":0,"menu_order":0,"comment_status":"closed","ping_status":"closed","template":"","meta":{"footnotes":""},"class_list":["post-2264","page","type-page","status-publish","hentry"],"jetpack_sharing_enabled":true,"_links":{"self":[{"href":"https:\/\/pvs-es.com\/index.php\/wp-json\/wp\/v2\/pages\/2264","targetHints":{"allow":["GET"]}}],"collection":[{"href":"https:\/\/pvs-es.com\/index.php\/wp-json\/wp\/v2\/pages"}],"about":[{"href":"https:\/\/pvs-es.com\/index.php\/wp-json\/wp\/v2\/types\/page"}],"author":[{"embeddable":true,"href":"https:\/\/pvs-es.com\/index.php\/wp-json\/wp\/v2\/users\/6"}],"replies":[{"embeddable":true,"href":"https:\/\/pvs-es.com\/index.php\/wp-json\/wp\/v2\/comments?post=2264"}],"version-history":[{"count":8,"href":"https:\/\/pvs-es.com\/index.php\/wp-json\/wp\/v2\/pages\/2264\/revisions"}],"predecessor-version":[{"id":3367,"href":"https:\/\/pvs-es.com\/index.php\/wp-json\/wp\/v2\/pages\/2264\/revisions\/3367"}],"wp:attachment":[{"href":"https:\/\/pvs-es.com\/index.php\/wp-json\/wp\/v2\/media?parent=2264"}],"curies":[{"name":"wp","href":"https:\/\/api.w.org\/{rel}","templated":true}]}}