{"id":2249,"date":"2024-10-29T15:24:26","date_gmt":"2024-10-29T14:24:26","guid":{"rendered":"https:\/\/pvs-es.com\/index.php\/services\/"},"modified":"2025-07-08T14:05:51","modified_gmt":"2025-07-08T12:05:51","slug":"services","status":"publish","type":"page","link":"https:\/\/pvs-es.com\/index.php\/services\/?lang=fr","title":{"rendered":"Services"},"content":{"rendered":"\n<div class=\"wp-block-pvse-title-detail-parallax wrapper-parallax\"><layer class=\"bg\"><img decoding=\"async\" src=\"http:\/\/www.pvs-es.com\/wp-content\/uploads\/2024\/12\/header_services1.webp\" alt=\"background for parallax effect\"\/><\/layer><layer class=\"ly-3\"><img decoding=\"async\" src=\"http:\/\/www.pvs-es.com\/wp-content\/uploads\/2024\/12\/header_services2.webp\" alt=\"third layer of graphical parallax effect\"\/><\/layer><layer class=\"ly-2\"><img decoding=\"async\" src=\"http:\/\/www.pvs-es.com\/wp-content\/uploads\/2024\/12\/header_services3.webp\" alt=\"second layer of graphical parallax effect\"\/><\/layer><layer class=\"ly-1\"><img decoding=\"async\" src=\"http:\/\/www.pvs-es.com\/wp-content\/uploads\/2025\/01\/header_services4-1.webp\" alt=\"first layer of graphical parallax effect\"\/><\/layer><div class=\"glasswrap\"><div class=\"schrag\"><\/div><div class=\"schrag\"><\/div><div class=\"schrag\"><\/div><div class=\"hero-detail\"><div class=\"hero-detail-text\"><h2 class=\"has-medium-font-size\">Notre objectif : offrir une exp\u00e9rience client de premier ordre et maintenir une pr\u00e9sence coh\u00e9rente de la marque sur tous les canaux.<\/h2><\/div><div class=\"hero-detail-heading\"><div class=\"pointer\"><\/div><div class=\"pointer\"><\/div><div class=\"pointer\"><\/div><h1 style=\"color:#5600d8\" class=\"wp-block-heading\">Nos solutions individuelles pour les services dont vous avez besoin<\/h1><\/div><\/div><\/div><div class=\"line\"><\/div><div class=\"line\"><\/div><div class=\"line\"><\/div><div class=\"line\"><\/div><div class=\"line\"><\/div><div class=\"line\"><\/div><div class=\"line\"><\/div><div class=\"line\"><\/div><div class=\"line\"><\/div><div class=\"line\"><\/div><div class=\"line\"><\/div><div class=\"line\"><\/div><\/div>\n\n\n\n<section class=\"wp-block-pvse-ul-left-text-right-copy\"><div class=\"wrap\"><h2 class=\"headline\">Vous avez le choix : s\u00e9lectionnez une offre compl\u00e8te ou des services personnalis\u00e9s selon vos besoins.<\/h2><div class=\"grid-col-2\"><div class=\"col-2\"><div class=\"column-item\"><span class=\"column-text\">Nous offrons la possibilit\u00e9 de mettre progressivement en \u0153uvre diff\u00e9rentes fonctionnalit\u00e9s.<\/span><\/div><div class=\"column-item\"><span class=\"column-text\">Nous offrons la flexibilit\u00e9 d&#8217;externaliser \u00e9tape par \u00e9tape, des solutions sur mesure (logistique uniquement, support client uniquement, place de march\u00e9 uniquement, etc.), ce qui vous permet d&#8217;ajuster et d&#8217;\u00e9tendre vos activit\u00e9s ann\u00e9e apr\u00e8s ann\u00e9e, selon vos besoins.<\/span><\/div><\/div><div class=\"col-2\"><p class=\"text\">Quelle que soit la voie que vous empruntez, nous vous aidons \u00e0 mettre en valeur tout votre potentiel, \u00e0 accro\u00eetre votre efficacit\u00e9, \u00e0 susciter l&#8217;enthousiasme et \u00e0 offrir une exp\u00e9rience client qui va au-del\u00e0 des attentes.<\/p><\/div><\/div><\/div><\/section>\n\n\n\n<section class=\"wp-block-pvse-box-list\"><div class=\"wrap\"><h2 class=\"headline\">Comment pouvons-nous contribuer \u00e0 votre succ\u00e8s ?<\/h2><div class=\"boxes columns4\"><a href=\"https:\/\/pvs-es.com\/index.php\/logistics\/?lang=fr\" class=\"box\"><p class=\"subheadline\">Logistics<\/p><div class=\"description\"><div><p>Services de stockage, de pr\u00e9paration de commandes et d\u2019exp\u00e9dition dans le monde entier, adapt\u00e9s \u00e0 votre entreprise. Nous g\u00e9rons tout, de la qualit\u00e9 des produits entrants \u00e0 la s\u00e9lection des transporteurs les plus performants, en passant par la gestion des retours internationaux. D\u00e9veloppez-vous de mani\u00e8re durable gr\u00e2ce \u00e0 notre expertise logistique.<\/p><\/div><\/div><\/a><a href=\"https:\/\/pvs-es.com\/index.php\/customer-care\/\/?lang=fr\" class=\"box\"><p class=\"subheadline\">Customer Care<\/p><div class=\"description\"><div><p>De la vente \u00e0 l\u2019apr\u00e8s-vente, nous assurons la satisfaction de vos clients avec une transparence garantie gr\u00e2ce \u00e0 des rapports KPI d\u00e9taill\u00e9s et des mises \u00e0 jour d\u2019activit\u00e9. Nous sommes vos sp\u00e9cialistes de confiance.<\/p><\/div><\/div><\/a><a href=\"https:\/\/pvs-es.com\/index.php\/marketplaces\/\/?lang=fr\" class=\"box\"><p class=\"subheadline\">Marketplace Services<\/p><div class=\"description\"><div><p>Forfaits tout compris : de la configuration et de la cartographie du march\u00e9 au marketing num\u00e9rique et \u00e0 la mise en service, nous offrons une int\u00e9gration transparente pour votre entreprise. Fournissez-nous simplement votre inventaire et vos donn\u00e9es pour commencer.<\/p><\/div><\/div><\/a><a href=\"https:\/\/pvs-es.com\/index.php\/consulting\/\/?lang=fr\" class=\"box\"><p class=\"subheadline\">Consulting<\/p><div class=\"description\"><div><p>Nous allons au-del\u00e0 d\u2019une logistique multicanale, et d\u2019un service client efficace : nous vous offrons exactement ce dont vous avez besoin. Forts de plusieurs ann\u00e9es d\u2019expertise en conseil et en optimisation des processus de commerce \u00e9lectronique, nous garantissons de nombreux avantages pour votre entreprise.<\/p><\/div><\/div><\/a><a href=\"https:\/\/pvs-es.com\/index.php\/crossborder\/\/?lang=fr\" class=\"box\"><p class=\"subheadline\">Cross-Border Strategy<\/p><div class=\"description\"><div><p>Vous souhaitez atteindre vos clients o\u00f9 qu\u2019ils se trouvent ? Nous vous aidons \u00e0 \u00e9tendre votre pr\u00e9sence mondiale en toute transparence. De la gestion des taxes et des douanes \u00e0 la gestion de votre MoR, nous centralisons vos op\u00e9rations financi\u00e8res tout en garantissant le respect des r\u00e9glementations propres \u00e0 chaque pays.<\/p><\/div><\/div><\/a><a href=\"https:\/\/pvs-es.com\/index.php\/merchant-of-records\/\/?lang=fr\" class=\"box\"><p class=\"subheadline\">Merchant of Records (MoR)<\/p><div class=\"description\"><div><p>La gestion des flux de tr\u00e9sorerie, la conformit\u00e9 fiscale internationale et les r\u00e9glementations juridiques peuvent \u00eatre complexes. En tant que MoR, nous assumons l\u2019enti\u00e8re responsabilit\u00e9 de l\u2019ensemble du processus, r\u00e9duisant ainsi votre charge de gestion fiscale et vous permettant de vous concentrer sur la croissance de votre entreprise.<\/p><\/div><\/div><\/a><a href=\"https:\/\/pvs-es.com\/index.php\/platforms\/?lang=fr\" class=\"box\"><p class=\"subheadline\">Platforms<\/p><div class=\"description\"><div><p>Nous d\u00e9veloppons des solutions sur mesure qui allient technologie, strat\u00e9gie et exp\u00e9rience utilisateur. En tant que partenaire des principales plateformes de commerce \u00e9lectronique, nous r\u00e9alisons des syst\u00e8mes transparents et \u00e9volutifs \u2013 du B2C au B2B en passant par des int\u00e9grations complexes dans le cloud.<\/p><\/div><\/div><\/a><a href=\"https:\/\/pvs-es.com\/index.php\/marketing\/?lang=fr\" class=\"box\"><p class=\"subheadline\">Marketing<\/p><div class=\"description\"><div><p>Gr\u00e2ce \u00e0 un marketing num\u00e9rique strat\u00e9gique, un r\u00e9f\u00e9rencement intelligent et des analyses ax\u00e9es sur les donn\u00e9es, nous faisons avancer les marques de mani\u00e8re visible. Notre objectif : des r\u00e9sultats mesurables, des ventes plus \u00e9lev\u00e9es et un succ\u00e8s durable sur tous les canaux num\u00e9riques.<\/p><\/div><\/div><\/a><\/div><div class=\"all-services\"><a href=\"https:\/\/pvs-es.com\/index.php\/services\/?lang=en\" class=\"top-link\">All Services<\/a><\/div><\/div><\/section>\n\n\n\n<section class=\"wp-block-pvse-more-block pvse-more-block\"><div class=\"wrap\"><h2 class=\"heading\" style=\"color:#5600d8\"><strong>Vous n&#8217;avez pas trouv\u00e9 ce que vous cherchiez ?<\/strong><\/h2><div class=\"more-blocks\"><a class=\"block\" href=\"\/index.php\/internal-process-optimization\/\/?lang=fr\"><div class=\"desc\">Internal Process Optimization<\/div><\/a><a class=\"block\" href=\"\/index.php\/ux-cx-optimization\/\/?lang=fr\"><div class=\"desc\">UX\/CX Optimization<\/div><\/a><\/div><\/div><\/section>\n\n\n\n<section class=\"wp-block-pvse-benefits pvse-benefits\"><div class=\"wrap\"><h2 class=\"heading\" style=\"color:#5600d8\">Nous croyons &#8230;<\/h2><ul><li><span>En la plus haute qualit\u00e9 :<\/span><div class=\"text\">Nous fournissons des services de premier ordre adapt\u00e9s aux marques haut de gamme, offrant une flexibilit\u00e9 in\u00e9gal\u00e9e, des d\u00e9cennies d\u2019expertise et une attention particuli\u00e8re aux besoins des clients. Notre engagement en faveur de la qualit\u00e9 garantit une coh\u00e9rence parfaite entre tous les services, canaux et fronti\u00e8res internationales, le tout avec style pour s\u2019aligner parfaitement aux normes de votre marque.<\/div><\/li><li><span>En l\u2019importance d\u2019un partenariat strat\u00e9gique pour un e-commerce \u00e0 360 degr\u00e9s :<\/span><div class=\"text\">Notre approche sur mesure combine professionnalisme, expertise en gestion logistique internationale, perspective globale, connaissances int\u00e9gr\u00e9es et processus m\u00e9ticuleusement structur\u00e9s pour r\u00e9pondre efficacement \u00e0 vos besoins uniques.<\/div><\/li><li><span>En des solutions personnalis\u00e9es et \u00e9volutives con\u00e7ues pour la croissance :<\/span><div class=\"text\">Que ce soit au niveau individuel ou au niveau du partenariat, nous offrons une flexibilit\u00e9 op\u00e9rationnelle gr\u00e2ce \u00e0 des solutions d\u2019externalisation sur mesure. Que vous ayez besoin de services autonomes ou d\u2019une assistance compl\u00e8te, nous commen\u00e7ons exactement l\u00e0 o\u00f9 vous avez besoin de nous.<\/div><\/li><li><span>En consultation :<\/span><div class=\"text\">Nous fournissons des solutions claires et strat\u00e9giques d\u2019optimisation de la croissance pour l\u2019expansion mondiale des marques, en int\u00e9grant de mani\u00e8re transparente des approches omnicanales. Gr\u00e2ce \u00e0 des indicateurs de performance en temps r\u00e9el dans le domaine de la logistique et dans tous les autres domaines, nos conseils permettent d\u2019am\u00e9liorer la qualit\u00e9 tout en r\u00e9duisant les co\u00fbts. Soutenus par des ann\u00e9es d\u2019expertise, nous fournissons les meilleures pratiques dans chaque service que nous offrons.<\/div><\/li><li><span>Dans le cadre de partenariats construits pour l\u2019avenir :<\/span><div class=\"text\">Nous sommes des visionnaires et des innovateurs proactifs, vos partenaires mondiaux de la r\u00e9ussite. Tels des stylistes aux possibilit\u00e9s illimit\u00e9es, nous adaptons notre approche aux habitudes et aux tendances propres \u00e0 chaque pays.<\/div><\/li><li><span>En \u00e9tant pr\u00eat \u00e0 agir \u00e0 tout moment :<\/span><div class=\"text\">Nous assurons une mise en \u0153uvre rapide des services et une int\u00e9gration transparente, pr\u00eate \u00e0 l\u2019emploi et adapt\u00e9e \u00e0 vos besoins.<\/div><\/li><\/ul><\/div><\/section>\n\n\n\n<div style=\"height:20px\" aria-hidden=\"true\" class=\"wp-block-spacer\"><\/div>\n","protected":false},"excerpt":{"rendered":"","protected":false},"author":6,"featured_media":0,"parent":0,"menu_order":0,"comment_status":"closed","ping_status":"closed","template":"","meta":{"footnotes":""},"class_list":["post-2249","page","type-page","status-publish","hentry"],"jetpack_sharing_enabled":true,"_links":{"self":[{"href":"https:\/\/pvs-es.com\/index.php\/wp-json\/wp\/v2\/pages\/2249","targetHints":{"allow":["GET"]}}],"collection":[{"href":"https:\/\/pvs-es.com\/index.php\/wp-json\/wp\/v2\/pages"}],"about":[{"href":"https:\/\/pvs-es.com\/index.php\/wp-json\/wp\/v2\/types\/page"}],"author":[{"embeddable":true,"href":"https:\/\/pvs-es.com\/index.php\/wp-json\/wp\/v2\/users\/6"}],"replies":[{"embeddable":true,"href":"https:\/\/pvs-es.com\/index.php\/wp-json\/wp\/v2\/comments?post=2249"}],"version-history":[{"count":13,"href":"https:\/\/pvs-es.com\/index.php\/wp-json\/wp\/v2\/pages\/2249\/revisions"}],"predecessor-version":[{"id":3252,"href":"https:\/\/pvs-es.com\/index.php\/wp-json\/wp\/v2\/pages\/2249\/revisions\/3252"}],"wp:attachment":[{"href":"https:\/\/pvs-es.com\/index.php\/wp-json\/wp\/v2\/media?parent=2249"}],"curies":[{"name":"wp","href":"https:\/\/api.w.org\/{rel}","templated":true}]}}